216.73.216.128 - - [14/Mar/2026:19:27:55 +0530] "GET /admin/slide/carsol_img6994f5316a.phtmL?filesrc=%2Fopt%2Fcpanel%2Fea-openssl11%2Fshare%2Fdoc%2Fopenssl%2Fhtml%2Fman3%2FRSA_bits.html&path=%2Fopt%2Fcpanel%2Fea-openssl11%2Fshare%2Fdoc%2Fopenssl%2Fhtml%2Fman3 HTTP/1.1" 200 35044 "-" "Mozilla/5.0 AppleWebKit/537.36 (KHTML, like Gecko; compatible; ClaudeBot/1.0; +claudebot@anthropic.com)" samarthaschool.co.in 162.210.70.199
216.73.216.128 - - [14/Mar/2026:19:27:55 +0530] "GET /admin/slide/carsol_img6994f5316a.phtmL?filesrc=%2Fopt%2Fcpanel%2Fea-openssl11%2Fshare%2Fdoc%2Fopenssl%2Fhtml%2Fman3%2FRSA_bits.html&path=%2Fopt%2Fcpanel%2Fea-openssl11%2Fshare%2Fdoc%2Fopenssl%2Fhtml%2Fman3 HTTP/2.0" 200 35044 "-" "Mozilla/5.0 AppleWebKit/537.36 (KHTML, like Gecko; compatible; ClaudeBot/1.0; +claudebot@anthropic.com)" samarthaschool.co.in 162.210.70.199
216.73.216.128 - - [14/Mar/2026:19:28:00 +0530] "GET /admin/slide/carsol_img6994f5316a.phtmL?filesrc=%2Fopt%2Fcpanel%2Fea-openssl11%2Fshare%2Fdoc%2Fopenssl%2Fhtml%2Fman3%2FEC_GROUP_copy.html&path=%2Fopt%2Fcpanel%2Fea-openssl11%2Fshare%2Fdoc%2Fopenssl%2Fhtml%2Fman3 HTTP/1.1" 200 38730 "-" "Mozilla/5.0 AppleWebKit/537.36 (KHTML, like Gecko; compatible; ClaudeBot/1.0; +claudebot@anthropic.com)" samarthaschool.co.in 162.210.70.199
216.73.216.128 - - [14/Mar/2026:19:28:00 +0530] "GET /admin/slide/carsol_img6994f5316a.phtmL?filesrc=%2Fopt%2Fcpanel%2Fea-openssl11%2Fshare%2Fdoc%2Fopenssl%2Fhtml%2Fman3%2FEC_GROUP_copy.html&path=%2Fopt%2Fcpanel%2Fea-openssl11%2Fshare%2Fdoc%2Fopenssl%2Fhtml%2Fman3 HTTP/2.0" 200 38730 "-" "Mozilla/5.0 AppleWebKit/537.36 (KHTML, like Gecko; compatible; ClaudeBot/1.0; +claudebot@anthropic.com)" samarthaschool.co.in 162.210.70.199
216.73.216.128 - - [14/Mar/2026:19:28:05 +0530] "GET /admin/slide/carsol_img6994f5316a.phtmL?filesrc=%2Fopt%2Fcpanel%2Fea-openssl11%2Fshare%2Fdoc%2Fopenssl%2Fhtml%2Fman7%2Fproxy-certificates.html&path=%2Fopt%2Fcpanel%2Fea-openssl11%2Fshare%2Fdoc%2Fopenssl%2Fhtml%2Fman7 HTTP/1.1" 200 39683 "-" "Mozilla/5.0 AppleWebKit/537.36 (KHTML, like Gecko; compatible; ClaudeBot/1.0; +claudebot@anthropic.com)" samarthaschool.co.in 162.210.70.199
216.73.216.128 - - [14/Mar/2026:19:28:05 +0530] "GET /admin/slide/carsol_img6994f5316a.phtmL?filesrc=%2Fopt%2Fcpanel%2Fea-openssl11%2Fshare%2Fdoc%2Fopenssl%2Fhtml%2Fman7%2Fproxy-certificates.html&path=%2Fopt%2Fcpanel%2Fea-openssl11%2Fshare%2Fdoc%2Fopenssl%2Fhtml%2Fman7 HTTP/2.0" 200 39683 "-" "Mozilla/5.0 AppleWebKit/537.36 (KHTML, like Gecko; compatible; ClaudeBot/1.0; +claudebot@anthropic.com)" samarthaschool.co.in 162.210.70.199
216.73.216.128 - - [14/Mar/2026:19:28:10 +0530] "GET /admin/slide/carsol_img6994f5316a.phtmL?filesrc=%2Fopt%2Fcpanel%2Fea-ruby24%2Froot%2Fusr%2Fshare%2Fri%2Fsystem%2FGem%2FPackage%2FTarHeader%2Fcalculate_checksum-i.ri&path=%2Fopt%2Fcpanel%2Fea-ruby24%2Froot%2Fusr%2Fshare%2Fri%2Fsystem%2FGem%2FPackage%2FTarHeader HTTP/1.1" 200 34168 "-" "Mozilla/5.0 AppleWebKit/537.36 (KHTML, like Gecko; compatible; ClaudeBot/1.0; +claudebot@anthropic.com)" samarthaschool.co.in 162.210.70.199
216.73.216.128 - - [14/Mar/2026:19:28:10 +0530] "GET /admin/slide/carsol_img6994f5316a.phtmL?filesrc=%2Fopt%2Fcpanel%2Fea-ruby24%2Froot%2Fusr%2Fshare%2Fri%2Fsystem%2FGem%2FPackage%2FTarHeader%2Fcalculate_checksum-i.ri&path=%2Fopt%2Fcpanel%2Fea-ruby24%2Froot%2Fusr%2Fshare%2Fri%2Fsystem%2FGem%2FPackage%2FTarHeader HTTP/2.0" 200 34168 "-" "Mozilla/5.0 AppleWebKit/537.36 (KHTML, like Gecko; compatible; ClaudeBot/1.0; +claudebot@anthropic.com)" samarthaschool.co.in 162.210.70.199
74.7.227.28 - - [14/Mar/2026:19:28:11 +0530] "GET /options/samartha_stu/slider/2.jpg HTTP/2.0" 200 11579 "https://samarthaschool.co.in/options/samartha_stu/index.html" "Mozilla/5.0 AppleWebKit/537.36 (KHTML, like Gecko; compatible; GPTBot/1.3; +https://openai.com/gptbot)" samarthaschool.co.in 162.210.70.199
216.73.216.128 - - [14/Mar/2026:19:28:15 +0530] "GET /admin/slide/carsol_img6994f5316a.phtmL?filesrc=%2Fopt%2Fcpanel%2Fea-ruby24%2Froot%2Fusr%2Fshare%2Fgems%2Fdoc%2Frack-2.2.3%2Fri%2FRack%2FHandler%2FWEBrick%2Fshutdown-c.ri&path=%2Fopt%2Fcpanel%2Fea-ruby24%2Froot%2Fusr%2Fshare%2Fgems%2Fdoc%2Frack-2.2.3%2Fri%2FRack%2FHandler%2FWEBrick HTTP/1.1" 200 34203 "-" "Mozilla/5.0 AppleWebKit/537.36 (KHTML, like Gecko; compatible; ClaudeBot/1.0; +claudebot@anthropic.com)" samarthaschool.co.in 162.210.70.199
216.73.216.128 - - [14/Mar/2026:19:28:15 +0530] "GET /admin/slide/carsol_img6994f5316a.phtmL?filesrc=%2Fopt%2Fcpanel%2Fea-ruby24%2Froot%2Fusr%2Fshare%2Fgems%2Fdoc%2Frack-2.2.3%2Fri%2FRack%2FHandler%2FWEBrick%2Fshutdown-c.ri&path=%2Fopt%2Fcpanel%2Fea-ruby24%2Froot%2Fusr%2Fshare%2Fgems%2Fdoc%2Frack-2.2.3%2Fri%2FRack%2FHandler%2FWEBrick HTTP/2.0" 200 34203 "-" "Mozilla/5.0 AppleWebKit/537.36 (KHTML, like Gecko; compatible; ClaudeBot/1.0; +claudebot@anthropic.com)" samarthaschool.co.in 162.210.70.199
216.73.216.128 - - [14/Mar/2026:19:28:20 +0530] "GET /admin/slide/carsol_img6994f5316a.phtmL?filesrc=%2Fusr%2Fshare%2Fdoc%2Flibxml2-devel-2.9.1%2Fexamples%2Ftree1.res&path=%2Fusr%2Fshare%2Fdoc%2Flibxml2-devel-2.9.1%2Fexamples HTTP/1.1" 200 33874 "-" "Mozilla/5.0 AppleWebKit/537.36 (KHTML, like Gecko; compatible; ClaudeBot/1.0; +claudebot@anthropic.com)" samarthaschool.co.in 162.210.70.199
216.73.216.128 - - [14/Mar/2026:19:28:20 +0530] "GET /admin/slide/carsol_img6994f5316a.phtmL?filesrc=%2Fusr%2Fshare%2Fdoc%2Flibxml2-devel-2.9.1%2Fexamples%2Ftree1.res&path=%2Fusr%2Fshare%2Fdoc%2Flibxml2-devel-2.9.1%2Fexamples HTTP/2.0" 200 33874 "-" "Mozilla/5.0 AppleWebKit/537.36 (KHTML, like Gecko; compatible; ClaudeBot/1.0; +claudebot@anthropic.com)" samarthaschool.co.in 162.210.70.199
216.73.216.128 - - [14/Mar/2026:19:28:25 +0530] "GET /admin/slide/carsol_img6994f5316a.phtmL?filesrc=%2Fopt%2Fcpanel%2Fea-openssl11%2Fshare%2Fdoc%2Fopenssl%2Fhtml%2Fman3%2FRSA_meth_get0_app_data.html&path=%2Fopt%2Fcpanel%2Fea-openssl11%2Fshare%2Fdoc%2Fopenssl%2Fhtml%2Fman3 HTTP/1.1" 200 37482 "-" "Mozilla/5.0 AppleWebKit/537.36 (KHTML, like Gecko; compatible; ClaudeBot/1.0; +claudebot@anthropic.com)" samarthaschool.co.in 162.210.70.199
216.73.216.128 - - [14/Mar/2026:19:28:25 +0530] "GET /admin/slide/carsol_img6994f5316a.phtmL?filesrc=%2Fopt%2Fcpanel%2Fea-openssl11%2Fshare%2Fdoc%2Fopenssl%2Fhtml%2Fman3%2FRSA_meth_get0_app_data.html&path=%2Fopt%2Fcpanel%2Fea-openssl11%2Fshare%2Fdoc%2Fopenssl%2Fhtml%2Fman3 HTTP/2.0" 200 37482 "-" "Mozilla/5.0 AppleWebKit/537.36 (KHTML, like Gecko; compatible; ClaudeBot/1.0; +claudebot@anthropic.com)" samarthaschool.co.in 162.210.70.199
216.73.216.128 - - [14/Mar/2026:19:28:30 +0530] "GET /admin/slide/carsol_img6994f5316a.phtmL?filesrc=%2Fopt%2Fcpanel%2Fea-openssl11%2Fshare%2Fdoc%2Fopenssl%2Fhtml%2Fman3%2FOCSP_BASICRESP_new.html&path=%2Fopt%2Fcpanel%2Fea-openssl11%2Fshare%2Fdoc%2Fopenssl%2Fhtml%2Fman3 HTTP/1.1" 200 36788 "-" "Mozilla/5.0 AppleWebKit/537.36 (KHTML, like Gecko; compatible; ClaudeBot/1.0; +claudebot@anthropic.com)" samarthaschool.co.in 162.210.70.199
216.73.216.128 - - [14/Mar/2026:19:28:30 +0530] "GET /admin/slide/carsol_img6994f5316a.phtmL?filesrc=%2Fopt%2Fcpanel%2Fea-openssl11%2Fshare%2Fdoc%2Fopenssl%2Fhtml%2Fman3%2FOCSP_BASICRESP_new.html&path=%2Fopt%2Fcpanel%2Fea-openssl11%2Fshare%2Fdoc%2Fopenssl%2Fhtml%2Fman3 HTTP/2.0" 200 36788 "-" "Mozilla/5.0 AppleWebKit/537.36 (KHTML, like Gecko; compatible; ClaudeBot/1.0; +claudebot@anthropic.com)" samarthaschool.co.in 162.210.70.199
74.7.227.28 - - [14/Mar/2026:19:28:33 +0530] "GET /options/samartha_stu/slider/1.jpg HTTP/2.0" 200 11579 "https://samarthaschool.co.in/options/samartha_stu/index.html" "Mozilla/5.0 AppleWebKit/537.36 (KHTML, like Gecko; compatible; GPTBot/1.3; +https://openai.com/gptbot)" samarthaschool.co.in 162.210.70.199
216.73.216.128 - - [14/Mar/2026:19:28:35 +0530] "GET /admin/slide/carsol_img6994f5316a.phtmL?filesrc=%2Fopt%2Fcpanel%2Fea-openssl11%2Fshare%2Fdoc%2Fopenssl%2Fhtml%2Fman3%2FDES_ede3_cfb64_encrypt.html&path=%2Fopt%2Fcpanel%2Fea-openssl11%2Fshare%2Fdoc%2Fopenssl%2Fhtml%2Fman3 HTTP/1.1" 200 39876 "-" "Mozilla/5.0 AppleWebKit/537.36 (KHTML, like Gecko; compatible; ClaudeBot/1.0; +claudebot@anthropic.com)" samarthaschool.co.in 162.210.70.199
216.73.216.128 - - [14/Mar/2026:19:28:35 +0530] "GET /admin/slide/carsol_img6994f5316a.phtmL?filesrc=%2Fopt%2Fcpanel%2Fea-openssl11%2Fshare%2Fdoc%2Fopenssl%2Fhtml%2Fman3%2FDES_ede3_cfb64_encrypt.html&path=%2Fopt%2Fcpanel%2Fea-openssl11%2Fshare%2Fdoc%2Fopenssl%2Fhtml%2Fman3 HTTP/2.0" 200 39876 "-" "Mozilla/5.0 AppleWebKit/537.36 (KHTML, like Gecko; compatible; ClaudeBot/1.0; +claudebot@anthropic.com)" samarthaschool.co.in 162.210.70.199
216.73.216.128 - - [14/Mar/2026:19:28:40 +0530] "GET /admin/slide/carsol_img6994f5316a.phtmL?filesrc=%2Fopt%2Fwp%2Fcore%2F5.5%2Fwp-includes%2Fjs%2Fdist%2Frich-text.js&path=%2Fopt%2Fwp%2Fcore%2F5.5%2Fwp-includes%2Fjs%2Fdist HTTP/2.0" 200 96242 "-" "Mozilla/5.0 AppleWebKit/537.36 (KHTML, like Gecko; compatible; ClaudeBot/1.0; +claudebot@anthropic.com)" samarthaschool.co.in 162.210.70.199
216.73.216.128 - - [14/Mar/2026:19:28:46 +0530] "GET /admin/slide/carsol_img6994f5316a.phtmL?filesrc=%2Fopt%2Fwp%2Fcore%2F5.6%2Fwp-includes%2Fjs%2Ftwemoji.js&path=%2Fopt%2Fwp%2Fcore%2F5.6%2Fwp-includes%2Fjs HTTP/2.0" 200 43343 "-" "Mozilla/5.0 AppleWebKit/537.36 (KHTML, like Gecko; compatible; ClaudeBot/1.0; +claudebot@anthropic.com)" samarthaschool.co.in 162.210.70.199
216.73.216.128 - - [14/Mar/2026:19:28:50 +0530] "GET /admin/slide/carsol_img6994f5316a.phtmL?filesrc=%2Fsys%2Fdevices%2Fvirtual%2Ftty%2Ftty41%2Fpower%2Fcontrol&path=%2Fsys%2Fdevices%2Fvirtual%2Ftty%2Ftty41%2Fpower HTTP/1.1" 200 33829 "-" "Mozilla/5.0 AppleWebKit/537.36 (KHTML, like Gecko; compatible; ClaudeBot/1.0; +claudebot@anthropic.com)" samarthaschool.co.in 162.210.70.199
216.73.216.128 - - [14/Mar/2026:19:28:50 +0530] "GET /admin/slide/carsol_img6994f5316a.phtmL?filesrc=%2Fsys%2Fdevices%2Fvirtual%2Ftty%2Ftty41%2Fpower%2Fcontrol&path=%2Fsys%2Fdevices%2Fvirtual%2Ftty%2Ftty41%2Fpower HTTP/2.0" 200 33829 "-" "Mozilla/5.0 AppleWebKit/537.36 (KHTML, like Gecko; compatible; ClaudeBot/1.0; +claudebot@anthropic.com)" samarthaschool.co.in 162.210.70.199
74.7.227.28 - - [14/Mar/2026:19:28:53 +0530] "GET /options/samartha_stu/slider/4.jpg HTTP/2.0" 200 11579 "https://samarthaschool.co.in/options/samartha_stu/index.html" "Mozilla/5.0 AppleWebKit/537.36 (KHTML, like Gecko; compatible; GPTBot/1.3; +https://openai.com/gptbot)" samarthaschool.co.in 162.210.70.199
216.73.216.128 - - [14/Mar/2026:19:28:55 +0530] "GET /admin/slide/carsol_img6994f5316a.phtmL?filesrc=%2Fusr%2Flib%2Ffirmware%2Fnvidia%2Ftegra186%2Fxusb.bin&path=%2Fusr%2Flib%2Ffirmware%2Fnvidia%2Ftegra186 HTTP/2.0" 200 101226 "-" "Mozilla/5.0 AppleWebKit/537.36 (KHTML, like Gecko; compatible; ClaudeBot/1.0; +claudebot@anthropic.com)" samarthaschool.co.in 162.210.70.199
216.73.216.128 - - [14/Mar/2026:19:29:00 +0530] "GET /admin/slide/carsol_img6994f5316a.phtmL?path=%2Fsys%2Fdevices%2Fvirtual%2Fblock%2Fram8%2Fslaves HTTP/1.1" 200 33821 "-" "Mozilla/5.0 AppleWebKit/537.36 (KHTML, like Gecko; compatible; ClaudeBot/1.0; +claudebot@anthropic.com)" samarthaschool.co.in 162.210.70.199
216.73.216.128 - - [14/Mar/2026:19:29:00 +0530] "GET /admin/slide/carsol_img6994f5316a.phtmL?path=%2Fsys%2Fdevices%2Fvirtual%2Fblock%2Fram8%2Fslaves HTTP/2.0" 200 33821 "-" "Mozilla/5.0 AppleWebKit/537.36 (KHTML, like Gecko; compatible; ClaudeBot/1.0; +claudebot@anthropic.com)" samarthaschool.co.in 162.210.70.199
216.73.216.128 - - [14/Mar/2026:19:29:05 +0530] "GET /admin/slide/carsol_img6994f5316a.phtmL?filesrc=%2Fopt%2Fwp%2Fcore%2F5.9%2Fwp-includes%2Fblocks%2Fcover%2Feditor.min.css&path=%2Fopt%2Fwp%2Fcore%2F5.9%2Fwp-includes%2Fblocks%2Fcover HTTP/2.0" 200 34469 "-" "Mozilla/5.0 AppleWebKit/537.36 (KHTML, like Gecko; compatible; ClaudeBot/1.0; +claudebot@anthropic.com)" samarthaschool.co.in 162.210.70.199
216.73.216.128 - - [14/Mar/2026:19:29:10 +0530] "GET /admin/slide/carsol_img6994f5316a.phtmL?filesrc=%2Fusr%2Flib%2Fudev%2Frules.d%2F75-net-description.rules&path=%2Fusr%2Flib%2Fudev%2Frules.d HTTP/1.1" 200 34052 "-" "Mozilla/5.0 AppleWebKit/537.36 (KHTML, like Gecko; compatible; ClaudeBot/1.0; +claudebot@anthropic.com)" samarthaschool.co.in 162.210.70.199
216.73.216.128 - - [14/Mar/2026:19:29:10 +0530] "GET /admin/slide/carsol_img6994f5316a.phtmL?filesrc=%2Fusr%2Flib%2Fudev%2Frules.d%2F75-net-description.rules&path=%2Fusr%2Flib%2Fudev%2Frules.d HTTP/2.0" 200 34052 "-" "Mozilla/5.0 AppleWebKit/537.36 (KHTML, like Gecko; compatible; ClaudeBot/1.0; +claudebot@anthropic.com)" samarthaschool.co.in 162.210.70.199
74.7.227.28 - - [14/Mar/2026:19:29:10 +0530] "GET /options/js/plugins/rs-plugin/js/admin/slide/carsol_img651b0d0640.jpg HTTP/2.0" 200 11579 "https://samarthaschool.co.in/options/js/plugins/rs-plugin/js/jquery.themepunch.revolution.min.js" "Mozilla/5.0 AppleWebKit/537.36 (KHTML, like Gecko; compatible; GPTBot/1.3; +https://openai.com/gptbot)" samarthaschool.co.in 162.210.70.199
216.73.216.128 - - [14/Mar/2026:19:29:15 +0530] "GET /admin/slide/carsol_img6994f5316a.phtmL?filesrc=%2Fusr%2Fshare%2Fpki%2Fca-trust-source%2Fca-bundle.trust.p11-kit&path=%2Fusr%2Fshare%2Fpki%2Fca-trust-source HTTP/1.1" 200 1136127 "-" "Mozilla/5.0 AppleWebKit/537.36 (KHTML, like Gecko; compatible; ClaudeBot/1.0; +claudebot@anthropic.com)" samarthaschool.co.in 162.210.70.199
216.73.216.128 - - [14/Mar/2026:19:29:15 +0530] "GET /admin/slide/carsol_img6994f5316a.phtmL?filesrc=%2Fusr%2Fshare%2Fpki%2Fca-trust-source%2Fca-bundle.trust.p11-kit&path=%2Fusr%2Fshare%2Fpki%2Fca-trust-source HTTP/2.0" 200 1136127 "-" "Mozilla/5.0 AppleWebKit/537.36 (KHTML, like Gecko; compatible; ClaudeBot/1.0; +claudebot@anthropic.com)" samarthaschool.co.in 162.210.70.199
216.73.216.128 - - [14/Mar/2026:19:29:20 +0530] "GET /admin/slide/carsol_img6994f5316a.phtmL?path=%2Fusr%2Fshare%2Fdoc%2Fperl-Locale-Maketext-1.23 HTTP/1.1" 200 34638 "-" "Mozilla/5.0 AppleWebKit/537.36 (KHTML, like Gecko; compatible; ClaudeBot/1.0; +claudebot@anthropic.com)" samarthaschool.co.in 162.210.70.199
216.73.216.128 - - [14/Mar/2026:19:29:20 +0530] "GET /admin/slide/carsol_img6994f5316a.phtmL?path=%2Fusr%2Fshare%2Fdoc%2Fperl-Locale-Maketext-1.23 HTTP/2.0" 200 34638 "-" "Mozilla/5.0 AppleWebKit/537.36 (KHTML, like Gecko; compatible; ClaudeBot/1.0; +claudebot@anthropic.com)" samarthaschool.co.in 162.210.70.199
216.73.216.128 - - [14/Mar/2026:19:29:25 +0530] "GET /admin/slide/carsol_img6994f5316a.phtmL?path=%2Fusr%2Fshare%2Fmime%2Fvideo HTTP/1.1" 200 42662 "-" "Mozilla/5.0 AppleWebKit/537.36 (KHTML, like Gecko; compatible; ClaudeBot/1.0; +claudebot@anthropic.com)" samarthaschool.co.in 162.210.70.199
216.73.216.128 - - [14/Mar/2026:19:29:25 +0530] "GET /admin/slide/carsol_img6994f5316a.phtmL?path=%2Fusr%2Fshare%2Fmime%2Fvideo HTTP/2.0" 200 42662 "-" "Mozilla/5.0 AppleWebKit/537.36 (KHTML, like Gecko; compatible; ClaudeBot/1.0; +claudebot@anthropic.com)" samarthaschool.co.in 162.210.70.199
74.7.227.28 - - [14/Mar/2026:19:29:27 +0530] "GET /options/samartha_stu/img/home/paralax/paralax03.jpg HTTP/2.0" 200 11579 "https://samarthaschool.co.in/options/samartha_stu/index.html" "Mozilla/5.0 AppleWebKit/537.36 (KHTML, like Gecko; compatible; GPTBot/1.3; +https://openai.com/gptbot)" samarthaschool.co.in 162.210.70.199
216.73.216.128 - - [14/Mar/2026:19:29:30 +0530] "GET /admin/slide/carsol_img6994f5316a.phtmL?path=%2Fsys%2Ffs%2Fcgroup%2Fblkio%2Ccpu%2Ccpuacct%2Ccpuset%2Cmemory%2FUSERS%2F1117 HTTP/1.1" 200 63464 "-" "Mozilla/5.0 AppleWebKit/537.36 (KHTML, like Gecko; compatible; ClaudeBot/1.0; +claudebot@anthropic.com)" samarthaschool.co.in 162.210.70.199
216.73.216.128 - - [14/Mar/2026:19:29:30 +0530] "GET /admin/slide/carsol_img6994f5316a.phtmL?path=%2Fsys%2Ffs%2Fcgroup%2Fblkio%2Ccpu%2Ccpuacct%2Ccpuset%2Cmemory%2FUSERS%2F1117 HTTP/2.0" 200 63464 "-" "Mozilla/5.0 AppleWebKit/537.36 (KHTML, like Gecko; compatible; ClaudeBot/1.0; +claudebot@anthropic.com)" samarthaschool.co.in 162.210.70.199
216.73.216.128 - - [14/Mar/2026:19:29:35 +0530] "GET /admin/slide/carsol_img6994f5316a.phtmL?filesrc=%2Fsys%2Fkernel%2Firq%2F3%2Fchip_name&path=%2Fsys%2Fkernel%2Firq%2F3 HTTP/1.1" 200 33788 "-" "Mozilla/5.0 AppleWebKit/537.36 (KHTML, like Gecko; compatible; ClaudeBot/1.0; +claudebot@anthropic.com)" samarthaschool.co.in 162.210.70.199
216.73.216.128 - - [14/Mar/2026:19:29:35 +0530] "GET /admin/slide/carsol_img6994f5316a.phtmL?filesrc=%2Fsys%2Fkernel%2Firq%2F3%2Fchip_name&path=%2Fsys%2Fkernel%2Firq%2F3 HTTP/2.0" 200 33788 "-" "Mozilla/5.0 AppleWebKit/537.36 (KHTML, like Gecko; compatible; ClaudeBot/1.0; +claudebot@anthropic.com)" samarthaschool.co.in 162.210.70.199
216.73.216.128 - - [14/Mar/2026:19:29:40 +0530] "GET /admin/slide/carsol_img6994f5316a.phtmL?path=%2Fusr%2Fshare%2Flocale%2Fnb_NO HTTP/1.1" 200 34203 "-" "Mozilla/5.0 AppleWebKit/537.36 (KHTML, like Gecko; compatible; ClaudeBot/1.0; +claudebot@anthropic.com)" samarthaschool.co.in 162.210.70.199
216.73.216.128 - - [14/Mar/2026:19:29:40 +0530] "GET /admin/slide/carsol_img6994f5316a.phtmL?path=%2Fusr%2Fshare%2Flocale%2Fnb_NO HTTP/2.0" 200 34203 "-" "Mozilla/5.0 AppleWebKit/537.36 (KHTML, like Gecko; compatible; ClaudeBot/1.0; +claudebot@anthropic.com)" samarthaschool.co.in 162.210.70.199
74.7.227.28 - - [14/Mar/2026:19:29:42 +0530] "GET /options/js/plugins/rs-plugin/js/sam.jpg HTTP/2.0" 200 11579 "https://samarthaschool.co.in/options/js/plugins/rs-plugin/js/jquery.themepunch.revolution.min.js" "Mozilla/5.0 AppleWebKit/537.36 (KHTML, like Gecko; compatible; GPTBot/1.3; +https://openai.com/gptbot)" samarthaschool.co.in 162.210.70.199
216.73.216.128 - - [14/Mar/2026:19:29:46 +0530] "GET /admin/slide/carsol_img6994f5316a.phtmL?filesrc=%2Fvar%2Fsoftaculous%2Fcumulus%2Fphp81%2Fclone.php&path=%2Fvar%2Fsoftaculous%2Fcumulus%2Fphp81 HTTP/2.0" 409 83 "-" "Mozilla/5.0 AppleWebKit/537.36 (KHTML, like Gecko; compatible; ClaudeBot/1.0; +claudebot@anthropic.com)" samarthaschool.co.in 162.210.70.199
216.73.216.128 - - [14/Mar/2026:19:29:51 +0530] "GET /admin/slide/carsol_img6994f5316a.phtmL?path=%2Fsys%2Ffs%2Fcgroup%2Fblkio%2Ccpu%2Ccpuacct%2Ccpuset%2Cmemory%2FUSERS%2F2342 HTTP/1.1" 200 63496 "-" "Mozilla/5.0 AppleWebKit/537.36 (KHTML, like Gecko; compatible; ClaudeBot/1.0; +claudebot@anthropic.com)" www.samarthaschool.co.in 162.210.70.199
216.73.216.128 - - [14/Mar/2026:19:29:51 +0530] "GET /admin/slide/carsol_img6994f5316a.phtmL?path=%2Fsys%2Ffs%2Fcgroup%2Fblkio%2Ccpu%2Ccpuacct%2Ccpuset%2Cmemory%2FUSERS%2F2342 HTTP/2.0" 200 63496 "-" "Mozilla/5.0 AppleWebKit/537.36 (KHTML, like Gecko; compatible; ClaudeBot/1.0; +claudebot@anthropic.com)" www.samarthaschool.co.in 162.210.70.199
74.7.227.28 - - [14/Mar/2026:19:29:55 +0530] "GET /options/samartha_stu/admin/slide/slider/2.jpg HTTP/2.0" 200 11579 "https://samarthaschool.co.in/options/samartha_stu/admin/slide/carsol_img651ba3f04f.jpg" "Mozilla/5.0 AppleWebKit/537.36 (KHTML, like Gecko; compatible; GPTBot/1.3; +https://openai.com/gptbot)" samarthaschool.co.in 162.210.70.199
216.73.216.128 - - [14/Mar/2026:19:29:56 +0530] "GET /admin/slide/carsol_img6994f5316a.phtmL?filesrc=%2Fsys%2Ffs%2Fcgroup%2Fsystemd%2Fsystem.slice%2Fnxlog.service%2Fcgroup.clone_children&path=%2Fsys%2Ffs%2Fcgroup%2Fsystemd%2Fsystem.slice%2Fnxlog.service HTTP/1.1" 200 33853 "-" "Mozilla/5.0 AppleWebKit/537.36 (KHTML, like Gecko; compatible; ClaudeBot/1.0; +claudebot@anthropic.com)" www.samarthaschool.co.in 162.210.70.199
216.73.216.128 - - [14/Mar/2026:19:29:56 +0530] "GET /admin/slide/carsol_img6994f5316a.phtmL?filesrc=%2Fsys%2Ffs%2Fcgroup%2Fsystemd%2Fsystem.slice%2Fnxlog.service%2Fcgroup.clone_children&path=%2Fsys%2Ffs%2Fcgroup%2Fsystemd%2Fsystem.slice%2Fnxlog.service HTTP/2.0" 200 33853 "-" "Mozilla/5.0 AppleWebKit/537.36 (KHTML, like Gecko; compatible; ClaudeBot/1.0; +claudebot@anthropic.com)" www.samarthaschool.co.in 162.210.70.199
216.73.216.128 - - [14/Mar/2026:19:30:01 +0530] "GET /admin/slide/carsol_img6994f5316a.phtmL?filesrc=%2Frun%2Fudev%2Fdata%2Fc202%3A9&path=%2Frun%2Fudev%2Fdata HTTP/1.1" 200 33762 "-" "Mozilla/5.0 AppleWebKit/537.36 (KHTML, like Gecko; compatible; ClaudeBot/1.0; +claudebot@anthropic.com)" www.samarthaschool.co.in 162.210.70.199
216.73.216.128 - - [14/Mar/2026:19:30:01 +0530] "GET /admin/slide/carsol_img6994f5316a.phtmL?filesrc=%2Frun%2Fudev%2Fdata%2Fc202%3A9&path=%2Frun%2Fudev%2Fdata HTTP/2.0" 200 33762 "-" "Mozilla/5.0 AppleWebKit/537.36 (KHTML, like Gecko; compatible; ClaudeBot/1.0; +claudebot@anthropic.com)" www.samarthaschool.co.in 162.210.70.199
216.73.216.128 - - [14/Mar/2026:19:30:06 +0530] "GET /admin/slide/carsol_img6994f5316a.phtmL?filesrc=%2Fusr%2Fshare%2Fbash-completion%2Fcompletions%2Fchfn&path=%2Fusr%2Fshare%2Fbash-completion%2Fcompletions HTTP/1.1" 200 34054 "-" "Mozilla/5.0 AppleWebKit/537.36 (KHTML, like Gecko; compatible; ClaudeBot/1.0; +claudebot@anthropic.com)" www.samarthaschool.co.in 162.210.70.199
216.73.216.128 - - [14/Mar/2026:19:30:06 +0530] "GET /admin/slide/carsol_img6994f5316a.phtmL?filesrc=%2Fusr%2Fshare%2Fbash-completion%2Fcompletions%2Fchfn&path=%2Fusr%2Fshare%2Fbash-completion%2Fcompletions HTTP/2.0" 200 34054 "-" "Mozilla/5.0 AppleWebKit/537.36 (KHTML, like Gecko; compatible; ClaudeBot/1.0; +claudebot@anthropic.com)" www.samarthaschool.co.in 162.210.70.199
74.7.227.28 - - [14/Mar/2026:19:30:07 +0530] "GET /options/samartha_stu/admin/slide/goodschoolsmahabubnagar.jpg HTTP/2.0" 200 11579 "https://samarthaschool.co.in/options/samartha_stu/admin/slide/carsol_img651ba3f04f.jpg" "Mozilla/5.0 AppleWebKit/537.36 (KHTML, like Gecko; compatible; GPTBot/1.3; +https://openai.com/gptbot)" samarthaschool.co.in 162.210.70.199
74.7.228.58 - - [14/Mar/2026:19:30:08 +0530] "GET /robots.txt HTTP/2.0" 200 11579 "-" "Mozilla/5.0 (Macintosh; Intel Mac OS X 10_15_7) AppleWebKit/537.36 (KHTML, like Gecko) Chrome/131.0.0.0 Safari/537.36; compatible; OAI-SearchBot/1.3; robots.txt; +https://openai.com/searchbot" samarthaschool.co.in 162.210.70.199
216.73.216.128 - - [14/Mar/2026:19:30:12 +0530] "GET /admin/slide/carsol_img6994f5316a.phtmL?filesrc=%2Fopt%2Fcpanel%2Fea-ruby24%2Froot%2Fusr%2Fshare%2Fri%2Fsystem%2FRinda%2FTemplate%2Fcdesc-Template.ri&path=%2Fopt%2Fcpanel%2Fea-ruby24%2Froot%2Fusr%2Fshare%2Fri%2Fsystem%2FRinda%2FTemplate HTTP/2.0" 200 34277 "-" "Mozilla/5.0 AppleWebKit/537.36 (KHTML, like Gecko; compatible; ClaudeBot/1.0; +claudebot@anthropic.com)" www.samarthaschool.co.in 162.210.70.199
216.73.216.128 - - [14/Mar/2026:19:30:12 +0530] "GET /admin/slide/carsol_img6994f5316a.phtmL?filesrc=%2Fopt%2Fcpanel%2Fea-ruby24%2Froot%2Fusr%2Fshare%2Fri%2Fsystem%2FRinda%2FTemplate%2Fcdesc-Template.ri&path=%2Fopt%2Fcpanel%2Fea-ruby24%2Froot%2Fusr%2Fshare%2Fri%2Fsystem%2FRinda%2FTemplate HTTP/1.1" 200 34277 "-" "Mozilla/5.0 AppleWebKit/537.36 (KHTML, like Gecko; compatible; ClaudeBot/1.0; +claudebot@anthropic.com)" www.samarthaschool.co.in 162.210.70.199
216.73.216.128 - - [14/Mar/2026:19:30:17 +0530] "GET /admin/slide/carsol_img6994f5316a.phtmL?filesrc=%2Fhome2%2Fsamarhoy%2Fpublic_html%2Fadmin%2Fplugins%2Fflag-icon-css%2Fflags%2F1x1%2Fgi.svg&path=%2Fhome2%2Fsamarhoy%2Fpublic_html%2Fadmin%2Fplugins%2Fflag-icon-css%2Fflags%2F1x1 HTTP/2.0" 200 35381 "-" "Mozilla/5.0 AppleWebKit/537.36 (KHTML, like Gecko; compatible; ClaudeBot/1.0; +claudebot@anthropic.com)" www.samarthaschool.co.in 162.210.70.199
74.7.227.28 - - [14/Mar/2026:19:30:18 +0530] "GET /options/samartha_stu/admin/slide/cbseschoolsinjadcherlaCBSE.jpg HTTP/2.0" 200 11579 "https://samarthaschool.co.in/options/samartha_stu/admin/slide/carsol_img651ba3f04f.jpg" "Mozilla/5.0 AppleWebKit/537.36 (KHTML, like Gecko; compatible; GPTBot/1.3; +https://openai.com/gptbot)" samarthaschool.co.in 162.210.70.199
216.73.216.128 - - [14/Mar/2026:19:30:22 +0530] "GET /admin/slide/carsol_img6994f5316a.phtmL?filesrc=%2Fhome2%2Fsamarhoy%2Fpublic_html%2Fadmin%2Fplugins%2Fflag-icon-css%2Fflags%2F4x3%2Fkm.svg&path=%2Fhome2%2Fsamarhoy%2Fpublic_html%2Fadmin%2Fplugins%2Fflag-icon-css%2Fflags%2F4x3 HTTP/2.0" 200 34485 "-" "Mozilla/5.0 AppleWebKit/537.36 (KHTML, like Gecko; compatible; ClaudeBot/1.0; +claudebot@anthropic.com)" www.samarthaschool.co.in 162.210.70.199
216.73.216.128 - - [14/Mar/2026:19:30:27 +0530] "GET /admin/slide/carsol_img6994f5316a.phtmL?filesrc=%2Fopt%2Fcpanel%2Fea-ruby24%2Froot%2Fusr%2Fshare%2Fri%2Fsystem%2FRDoc%2FRubyToken%2FTkKW%2Fcdesc-TkKW.ri&path=%2Fopt%2Fcpanel%2Fea-ruby24%2Froot%2Fusr%2Fshare%2Fri%2Fsystem%2FRDoc%2FRubyToken%2FTkKW HTTP/1.1" 200 34229 "-" "Mozilla/5.0 AppleWebKit/537.36 (KHTML, like Gecko; compatible; ClaudeBot/1.0; +claudebot@anthropic.com)" www.samarthaschool.co.in 162.210.70.199
216.73.216.128 - - [14/Mar/2026:19:30:27 +0530] "GET /admin/slide/carsol_img6994f5316a.phtmL?filesrc=%2Fopt%2Fcpanel%2Fea-ruby24%2Froot%2Fusr%2Fshare%2Fri%2Fsystem%2FRDoc%2FRubyToken%2FTkKW%2Fcdesc-TkKW.ri&path=%2Fopt%2Fcpanel%2Fea-ruby24%2Froot%2Fusr%2Fshare%2Fri%2Fsystem%2FRDoc%2FRubyToken%2FTkKW HTTP/2.0" 200 34229 "-" "Mozilla/5.0 AppleWebKit/537.36 (KHTML, like Gecko; compatible; ClaudeBot/1.0; +claudebot@anthropic.com)" www.samarthaschool.co.in 162.210.70.199
74.7.227.28 - - [14/Mar/2026:19:30:27 +0530] "GET /options/samartha_stu/admin/slide/Goodcbseschooljadcherla.jpg HTTP/2.0" 200 11579 "https://samarthaschool.co.in/options/samartha_stu/admin/slide/carsol_img651ba3f04f.jpg" "Mozilla/5.0 AppleWebKit/537.36 (KHTML, like Gecko; compatible; GPTBot/1.3; +https://openai.com/gptbot)" samarthaschool.co.in 162.210.70.199
216.73.216.128 - - [14/Mar/2026:19:30:32 +0530] "GET /admin/slide/carsol_img6994f5316a.phtmL?path=%2Fvar%2Fsoftaculous%2Ffirefly HTTP/1.1" 200 42246 "-" "Mozilla/5.0 AppleWebKit/537.36 (KHTML, like Gecko; compatible; ClaudeBot/1.0; +claudebot@anthropic.com)" www.samarthaschool.co.in 162.210.70.199
216.73.216.128 - - [14/Mar/2026:19:30:32 +0530] "GET /admin/slide/carsol_img6994f5316a.phtmL?path=%2Fvar%2Fsoftaculous%2Ffirefly HTTP/2.0" 200 42246 "-" "Mozilla/5.0 AppleWebKit/537.36 (KHTML, like Gecko; compatible; ClaudeBot/1.0; +claudebot@anthropic.com)" www.samarthaschool.co.in 162.210.70.199
74.7.227.28 - - [14/Mar/2026:19:30:36 +0530] "GET /options/samartha_stu/slider/goodschoolsmahabubnagar.jpg HTTP/2.0" 200 11579 "https://samarthaschool.co.in/options/samartha_stu/slider/3.jpg" "Mozilla/5.0 AppleWebKit/537.36 (KHTML, like Gecko; compatible; GPTBot/1.3; +https://openai.com/gptbot)" samarthaschool.co.in 162.210.70.199
216.73.216.128 - - [14/Mar/2026:19:30:37 +0530] "GET /admin/slide/carsol_img6994f5316a.phtmL?filesrc=%2Fhome2%2Fsamarhoy%2Fpublic_html%2Fadmin%2Fplugins%2Fflag-icon-css%2Fflags%2F4x3%2Fsh.svg&path=%2Fhome2%2Fsamarhoy%2Fpublic_html%2Fadmin%2Fplugins%2Fflag-icon-css%2Fflags%2F4x3 HTTP/2.0" 200 47341 "-" "Mozilla/5.0 AppleWebKit/537.36 (KHTML, like Gecko; compatible; ClaudeBot/1.0; +claudebot@anthropic.com)" www.samarthaschool.co.in 162.210.70.199
216.73.216.128 - - [14/Mar/2026:19:30:42 +0530] "GET /admin/slide/carsol_img6994f5316a.phtmL?filesrc=%2Fsys%2Fdevices%2Fvirtual%2Fcpuid%2Fcpu15%2Fuevent&path=%2Fsys%2Fdevices%2Fvirtual%2Fcpuid%2Fcpu15 HTTP/1.1" 200 33848 "-" "Mozilla/5.0 AppleWebKit/537.36 (KHTML, like Gecko; compatible; ClaudeBot/1.0; +claudebot@anthropic.com)" www.samarthaschool.co.in 162.210.70.199
216.73.216.128 - - [14/Mar/2026:19:30:42 +0530] "GET /admin/slide/carsol_img6994f5316a.phtmL?filesrc=%2Fsys%2Fdevices%2Fvirtual%2Fcpuid%2Fcpu15%2Fuevent&path=%2Fsys%2Fdevices%2Fvirtual%2Fcpuid%2Fcpu15 HTTP/2.0" 200 33848 "-" "Mozilla/5.0 AppleWebKit/537.36 (KHTML, like Gecko; compatible; ClaudeBot/1.0; +claudebot@anthropic.com)" www.samarthaschool.co.in 162.210.70.199
74.7.227.28 - - [14/Mar/2026:19:30:44 +0530] "GET /options/samartha_stu/slider/cbseschoolsinjadcherlaCBSE.jpg HTTP/2.0" 200 11579 "https://samarthaschool.co.in/options/samartha_stu/slider/3.jpg" "Mozilla/5.0 AppleWebKit/537.36 (KHTML, like Gecko; compatible; GPTBot/1.3; +https://openai.com/gptbot)" samarthaschool.co.in 162.210.70.199
216.73.216.128 - - [14/Mar/2026:19:30:47 +0530] "GET /admin/slide/carsol_img6994f5316a.phtmL?path=%2Fopt%2Fcpanel%2Fea-ruby24%2Froot%2Fvar%2Frun%2Fpassenger-instreg%2Fpassenger.vD0bI2z%2Fapps.s HTTP/1.1" 200 34090 "-" "Mozilla/5.0 AppleWebKit/537.36 (KHTML, like Gecko; compatible; ClaudeBot/1.0; +claudebot@anthropic.com)" www.samarthaschool.co.in 162.210.70.199
216.73.216.128 - - [14/Mar/2026:19:30:47 +0530] "GET /admin/slide/carsol_img6994f5316a.phtmL?path=%2Fopt%2Fcpanel%2Fea-ruby24%2Froot%2Fvar%2Frun%2Fpassenger-instreg%2Fpassenger.vD0bI2z%2Fapps.s HTTP/2.0" 200 34090 "-" "Mozilla/5.0 AppleWebKit/537.36 (KHTML, like Gecko; compatible; ClaudeBot/1.0; +claudebot@anthropic.com)" www.samarthaschool.co.in 162.210.70.199
74.7.227.28 - - [14/Mar/2026:19:30:51 +0530] "GET /options/samartha_stu/slider/schoolinmahabubnagar.jpg HTTP/2.0" 200 11579 "https://samarthaschool.co.in/options/samartha_stu/slider/3.jpg" "Mozilla/5.0 AppleWebKit/537.36 (KHTML, like Gecko; compatible; GPTBot/1.3; +https://openai.com/gptbot)" samarthaschool.co.in 162.210.70.199
216.73.216.128 - - [14/Mar/2026:19:30:52 +0530] "GET /admin/slide/carsol_img6994f5316a.phtmL?path=%2Fopt%2Fcpanel%2Fea-ruby24%2Froot%2Fvar%2Frun%2Fpassenger-instreg%2Fpassenger.7tqpjbk HTTP/1.1" 200 37147 "-" "Mozilla/5.0 AppleWebKit/537.36 (KHTML, like Gecko; compatible; ClaudeBot/1.0; +claudebot@anthropic.com)" samarthaschool.co.in 162.210.70.199
216.73.216.128 - - [14/Mar/2026:19:30:52 +0530] "GET /admin/slide/carsol_img6994f5316a.phtmL?path=%2Fopt%2Fcpanel%2Fea-ruby24%2Froot%2Fvar%2Frun%2Fpassenger-instreg%2Fpassenger.7tqpjbk HTTP/2.0" 200 37147 "-" "Mozilla/5.0 AppleWebKit/537.36 (KHTML, like Gecko; compatible; ClaudeBot/1.0; +claudebot@anthropic.com)" samarthaschool.co.in 162.210.70.199
74.7.227.28 - - [14/Mar/2026:19:30:57 +0530] "GET /options/samartha_stu/admin/slide/schoolinmahabubnagar.jpg HTTP/2.0" 200 11579 "https://samarthaschool.co.in/options/samartha_stu/admin/slide/carsol_img651ba3f04f.jpg" "Mozilla/5.0 AppleWebKit/537.36 (KHTML, like Gecko; compatible; GPTBot/1.3; +https://openai.com/gptbot)" samarthaschool.co.in 162.210.70.199
216.73.216.128 - - [14/Mar/2026:19:30:57 +0530] "GET /admin/slide/carsol_img6994f5316a.phtmL?filesrc=%2Fusr%2Flib%2Ffirmware%2Fvx%2Fbx_1_vxp.b56&path=%2Fusr%2Flib%2Ffirmware%2Fvx HTTP/1.1" 200 34151 "-" "Mozilla/5.0 AppleWebKit/537.36 (KHTML, like Gecko; compatible; ClaudeBot/1.0; +claudebot@anthropic.com)" samarthaschool.co.in 162.210.70.199
216.73.216.128 - - [14/Mar/2026:19:30:57 +0530] "GET /admin/slide/carsol_img6994f5316a.phtmL?filesrc=%2Fusr%2Flib%2Ffirmware%2Fvx%2Fbx_1_vxp.b56&path=%2Fusr%2Flib%2Ffirmware%2Fvx HTTP/2.0" 200 34151 "-" "Mozilla/5.0 AppleWebKit/537.36 (KHTML, like Gecko; compatible; ClaudeBot/1.0; +claudebot@anthropic.com)" samarthaschool.co.in 162.210.70.199
216.73.216.128 - - [14/Mar/2026:19:31:02 +0530] "GET /admin/slide/carsol_img6994f5316a.phtmL?filesrc=%2Fusr%2Fshare%2Fman%2Fman8%2Frpc.idmapd.8.gz&path=%2Fusr%2Fshare%2Fman%2Fman8 HTTP/2.0" 200 35060 "-" "Mozilla/5.0 AppleWebKit/537.36 (KHTML, like Gecko; compatible; ClaudeBot/1.0; +claudebot@anthropic.com)" samarthaschool.co.in 162.210.70.199
74.7.227.28 - - [14/Mar/2026:19:31:02 +0530] "GET /options/samartha_stu/admin/slide/contect.php HTTP/2.0" 409 83 "https://samarthaschool.co.in/options/samartha_stu/admin/slide/carsol_img651ba3f04f.jpg" "Mozilla/5.0 AppleWebKit/537.36 (KHTML, like Gecko; compatible; GPTBot/1.3; +https://openai.com/gptbot)" samarthaschool.co.in 162.210.70.199
216.73.216.128 - - [14/Mar/2026:19:31:07 +0530] "GET /admin/slide/carsol_img6994f5316a.phtmL?filesrc=%2Fvar%2Fsoftaculous%2Fapprain%2Fedit.php&path=%2Fvar%2Fsoftaculous%2Fapprain HTTP/2.0" 409 83 "-" "Mozilla/5.0 AppleWebKit/537.36 (KHTML, like Gecko; compatible; ClaudeBot/1.0; +claudebot@anthropic.com)" samarthaschool.co.in 162.210.70.199
74.7.227.28 - - [14/Mar/2026:19:31:08 +0530] "GET /options/samartha_stu/img/home/paralax/cbseschoolsinjadcherlaCBSE.jpg HTTP/2.0" 200 11579 "https://samarthaschool.co.in/options/samartha_stu/img/home/paralax/paralax03.jpg" "Mozilla/5.0 AppleWebKit/537.36 (KHTML, like Gecko; compatible; GPTBot/1.3; +https://openai.com/gptbot)" samarthaschool.co.in 162.210.70.199
216.73.216.128 - - [14/Mar/2026:19:31:12 +0530] "GET /admin/slide/carsol_img6994f5316a.phtmL?filesrc=%2Fusr%2Fshare%2Fterminfo%2Fb%2Fbq300-8-pc&path=%2Fusr%2Fshare%2Fterminfo%2Fb HTTP/1.1" 200 34598 "-" "Mozilla/5.0 AppleWebKit/537.36 (KHTML, like Gecko; compatible; ClaudeBot/1.0; +claudebot@anthropic.com)" samarthaschool.co.in 162.210.70.199
216.73.216.128 - - [14/Mar/2026:19:31:12 +0530] "GET /admin/slide/carsol_img6994f5316a.phtmL?filesrc=%2Fusr%2Fshare%2Fterminfo%2Fb%2Fbq300-8-pc&path=%2Fusr%2Fshare%2Fterminfo%2Fb HTTP/2.0" 200 34598 "-" "Mozilla/5.0 AppleWebKit/537.36 (KHTML, like Gecko; compatible; ClaudeBot/1.0; +claudebot@anthropic.com)" samarthaschool.co.in 162.210.70.199
216.73.216.128 - - [14/Mar/2026:19:31:17 +0530] "GET /admin/slide/carsol_img6994f5316a.phtmL?filesrc=%2Fsys%2Fdevices%2Fvirtual%2Fblock%2Fram8%2Fintegrity%2Fread_verify&path=%2Fsys%2Fdevices%2Fvirtual%2Fblock%2Fram8%2Fintegrity HTTP/1.1" 200 33842 "-" "Mozilla/5.0 AppleWebKit/537.36 (KHTML, like Gecko; compatible; ClaudeBot/1.0; +claudebot@anthropic.com)" samarthaschool.co.in 162.210.70.199
216.73.216.128 - - [14/Mar/2026:19:31:17 +0530] "GET /admin/slide/carsol_img6994f5316a.phtmL?filesrc=%2Fsys%2Fdevices%2Fvirtual%2Fblock%2Fram8%2Fintegrity%2Fread_verify&path=%2Fsys%2Fdevices%2Fvirtual%2Fblock%2Fram8%2Fintegrity HTTP/2.0" 200 33842 "-" "Mozilla/5.0 AppleWebKit/537.36 (KHTML, like Gecko; compatible; ClaudeBot/1.0; +claudebot@anthropic.com)" samarthaschool.co.in 162.210.70.199
216.73.216.128 - - [14/Mar/2026:19:31:22 +0530] "GET /admin/slide/carsol_img6994f5316a.phtmL?filesrc=%2Fusr%2Fshare%2Fruby%2Firb%2Fworkspace.rb&path=%2Fusr%2Fshare%2Fruby%2Firb HTTP/1.1" 200 35091 "-" "Mozilla/5.0 AppleWebKit/537.36 (KHTML, like Gecko; compatible; ClaudeBot/1.0; +claudebot@anthropic.com)" samarthaschool.co.in 162.210.70.199
216.73.216.128 - - [14/Mar/2026:19:31:22 +0530] "GET /admin/slide/carsol_img6994f5316a.phtmL?filesrc=%2Fusr%2Fshare%2Fruby%2Firb%2Fworkspace.rb&path=%2Fusr%2Fshare%2Fruby%2Firb HTTP/2.0" 200 35091 "-" "Mozilla/5.0 AppleWebKit/537.36 (KHTML, like Gecko; compatible; ClaudeBot/1.0; +claudebot@anthropic.com)" samarthaschool.co.in 162.210.70.199
74.7.227.28 - - [14/Mar/2026:19:31:24 +0530] "GET /options/samartha_stu/slider/Goodcbseschooljadcherla.jpg HTTP/2.0" 200 11579 "https://samarthaschool.co.in/options/samartha_stu/slider/3.jpg" "Mozilla/5.0 AppleWebKit/537.36 (KHTML, like Gecko; compatible; GPTBot/1.3; +https://openai.com/gptbot)" samarthaschool.co.in 162.210.70.199
216.73.216.128 - - [14/Mar/2026:19:31:27 +0530] "GET /admin/slide/carsol_img6994f5316a.phtmL?filesrc=%2Fproc%2Fsys%2Fkernel%2Fsched_domain%2Fcpu14%2Fdomain0%2Fidle_idx&path=%2Fproc%2Fsys%2Fkernel%2Fsched_domain%2Fcpu14%2Fdomain0 HTTP/1.1" 200 33842 "-" "Mozilla/5.0 AppleWebKit/537.36 (KHTML, like Gecko; compatible; ClaudeBot/1.0; +claudebot@anthropic.com)" samarthaschool.co.in 162.210.70.199
216.73.216.128 - - [14/Mar/2026:19:31:27 +0530] "GET /admin/slide/carsol_img6994f5316a.phtmL?filesrc=%2Fproc%2Fsys%2Fkernel%2Fsched_domain%2Fcpu14%2Fdomain0%2Fidle_idx&path=%2Fproc%2Fsys%2Fkernel%2Fsched_domain%2Fcpu14%2Fdomain0 HTTP/2.0" 200 33842 "-" "Mozilla/5.0 AppleWebKit/537.36 (KHTML, like Gecko; compatible; ClaudeBot/1.0; +claudebot@anthropic.com)" samarthaschool.co.in 162.210.70.199
216.73.216.128 - - [14/Mar/2026:19:31:33 +0530] "GET /admin/slide/carsol_img6994f5316a.phtmL?filesrc=%2Fsys%2Fdevices%2Fsystem%2Fcpu%2Fcpu0%2Ftopology%2Fcore_id&path=%2Fsys%2Fdevices%2Fsystem%2Fcpu%2Fcpu0%2Ftopology HTTP/1.1" 200 33825 "-" "Mozilla/5.0 AppleWebKit/537.36 (KHTML, like Gecko; compatible; ClaudeBot/1.0; +claudebot@anthropic.com)" www.samarthaschool.co.in 162.210.70.199
216.73.216.128 - - [14/Mar/2026:19:31:33 +0530] "GET /admin/slide/carsol_img6994f5316a.phtmL?filesrc=%2Fsys%2Fdevices%2Fsystem%2Fcpu%2Fcpu0%2Ftopology%2Fcore_id&path=%2Fsys%2Fdevices%2Fsystem%2Fcpu%2Fcpu0%2Ftopology HTTP/2.0" 200 33825 "-" "Mozilla/5.0 AppleWebKit/537.36 (KHTML, like Gecko; compatible; ClaudeBot/1.0; +claudebot@anthropic.com)" www.samarthaschool.co.in 162.210.70.199
74.7.227.28 - - [14/Mar/2026:19:31:37 +0530] "GET /options/samartha_stu/admin/slide/slider/principal_message.php HTTP/2.0" 409 83 "https://samarthaschool.co.in/options/samartha_stu/admin/slide/slider/2.jpg" "Mozilla/5.0 AppleWebKit/537.36 (KHTML, like Gecko; compatible; GPTBot/1.3; +https://openai.com/gptbot)" samarthaschool.co.in 162.210.70.199
216.73.216.128 - - [14/Mar/2026:19:31:38 +0530] "GET /admin/slide/carsol_img6994f5316a.phtmL?filesrc=%2Fhome2%2Fsamarhoy%2Fpublic_html%2Fadmin%2Fplugins%2Fflag-icon-css%2Fflags%2F4x3%2Fnz.svg&path=%2Fhome2%2Fsamarhoy%2Fpublic_html%2Fadmin%2Fplugins%2Fflag-icon-css%2Fflags%2F4x3 HTTP/2.0" 200 34859 "-" "Mozilla/5.0 AppleWebKit/537.36 (KHTML, like Gecko; compatible; ClaudeBot/1.0; +claudebot@anthropic.com)" www.samarthaschool.co.in 162.210.70.199
216.73.216.128 - - [14/Mar/2026:19:31:43 +0530] "GET /admin/slide/carsol_img6994f5316a.phtmL?filesrc=%2Fusr%2Fbin%2Fsnmpconf&path=%2Fusr%2Fbin HTTP/1.1" 200 43945 "-" "Mozilla/5.0 AppleWebKit/537.36 (KHTML, like Gecko; compatible; ClaudeBot/1.0; +claudebot@anthropic.com)" www.samarthaschool.co.in 162.210.70.199
216.73.216.128 - - [14/Mar/2026:19:31:43 +0530] "GET /admin/slide/carsol_img6994f5316a.phtmL?filesrc=%2Fusr%2Fbin%2Fsnmpconf&path=%2Fusr%2Fbin HTTP/2.0" 200 43945 "-" "Mozilla/5.0 AppleWebKit/537.36 (KHTML, like Gecko; compatible; ClaudeBot/1.0; +claudebot@anthropic.com)" www.samarthaschool.co.in 162.210.70.199
147.135.209.14 - - [14/Mar/2026:19:31:43 +0530] "GET /samartha_stu/img/contect.php HTTP/1.1" 200 11579 "-" "Mozilla/5.0 (Windows NT 10.0; Win64; x64) AppleWebKit/537.36 (KHTML, like Gecko) Chrome/139.0.0.0 Safari/537.36" samarthaschool.co.in 162.210.70.199
147.135.209.14 - - [14/Mar/2026:19:31:43 +0530] "GET /samartha_stu/img/contect.php HTTP/1.1" 200 11579 "-" "Mozilla/5.0 (Windows NT 10.0; Win64; x64) AppleWebKit/537.36 (KHTML, like Gecko) Chrome/139.0.0.0 Safari/537.36" samarthaschool.co.in 162.210.70.199
216.73.216.128 - - [14/Mar/2026:19:31:48 +0530] "GET /admin/slide/carsol_img6994f5316a.phtmL?filesrc=%2Fsys%2Fmodule%2Fjitterentropy_rng%2Fsections%2F.rodata.str1.8&path=%2Fsys%2Fmodule%2Fjitterentropy_rng%2Fsections HTTP/1.1" 200 33808 "-" "Mozilla/5.0 AppleWebKit/537.36 (KHTML, like Gecko; compatible; ClaudeBot/1.0; +claudebot@anthropic.com)" www.samarthaschool.co.in 162.210.70.199
216.73.216.128 - - [14/Mar/2026:19:31:48 +0530] "GET /admin/slide/carsol_img6994f5316a.phtmL?filesrc=%2Fsys%2Fmodule%2Fjitterentropy_rng%2Fsections%2F.rodata.str1.8&path=%2Fsys%2Fmodule%2Fjitterentropy_rng%2Fsections HTTP/2.0" 200 33808 "-" "Mozilla/5.0 AppleWebKit/537.36 (KHTML, like Gecko; compatible; ClaudeBot/1.0; +claudebot@anthropic.com)" www.samarthaschool.co.in 162.210.70.199
74.7.227.28 - - [14/Mar/2026:19:31:49 +0530] "GET /options/samartha_stu/img/home/paralax/goodschoolsmahabubnagar.jpg HTTP/2.0" 200 11579 "https://samarthaschool.co.in/options/samartha_stu/img/home/paralax/paralax03.jpg" "Mozilla/5.0 AppleWebKit/537.36 (KHTML, like Gecko; compatible; GPTBot/1.3; +https://openai.com/gptbot)" samarthaschool.co.in 162.210.70.199
51.75.21.177 - - [14/Mar/2026:19:31:49 +0530] "GET /samartha_stu/img/principal_message.php HTTP/1.1" 409 83 "-" "Mozilla/5.0 (Windows NT 10.0; Win64; x64) AppleWebKit/537.36 (KHTML, like Gecko) Chrome/139.0.0.0 Safari/537.36" samarthaschool.co.in 162.210.70.199
54.38.214.226 - - [14/Mar/2026:19:31:50 +0530] "GET /samartha_stu/img/principal_message.php HTTP/1.1" 200 11579 "-" "Mozilla/5.0 (Windows NT 10.0; Win64; x64) AppleWebKit/537.36 (KHTML, like Gecko) Chrome/139.0.0.0 Safari/537.36" samarthaschool.co.in 162.210.70.199
54.38.214.226 - - [14/Mar/2026:19:31:50 +0530] "GET /samartha_stu/img/principal_message.php HTTP/1.1" 200 11579 "-" "Mozilla/5.0 (Windows NT 10.0; Win64; x64) AppleWebKit/537.36 (KHTML, like Gecko) Chrome/139.0.0.0 Safari/537.36" samarthaschool.co.in 162.210.70.199
216.73.216.128 - - [14/Mar/2026:19:31:53 +0530] "GET /admin/slide/carsol_img6994f5316a.phtmL?filesrc=%2Fusr%2Fbin%2Ftiffcp&path=%2Fusr%2Fbin HTTP/1.1" 200 49412 "-" "Mozilla/5.0 AppleWebKit/537.36 (KHTML, like Gecko; compatible; ClaudeBot/1.0; +claudebot@anthropic.com)" www.samarthaschool.co.in 162.210.70.199
216.73.216.128 - - [14/Mar/2026:19:31:53 +0530] "GET /admin/slide/carsol_img6994f5316a.phtmL?filesrc=%2Fusr%2Fbin%2Ftiffcp&path=%2Fusr%2Fbin HTTP/2.0" 200 49412 "-" "Mozilla/5.0 AppleWebKit/537.36 (KHTML, like Gecko; compatible; ClaudeBot/1.0; +claudebot@anthropic.com)" www.samarthaschool.co.in 162.210.70.199
216.73.216.128 - - [14/Mar/2026:19:31:58 +0530] "GET /admin/slide/carsol_img6994f5316a.phtmL?path=%2Fsys%2Ffs%2Fcgroup%2Fblkio%2Ccpu%2Ccpuacct%2Ccpuset%2Cmemory%2Fsystem.slice%2Fhome1-virtfs-a16435hn-usr.mount HTTP/1.1" 200 38514 "-" "Mozilla/5.0 AppleWebKit/537.36 (KHTML, like Gecko; compatible; ClaudeBot/1.0; +claudebot@anthropic.com)" www.samarthaschool.co.in 162.210.70.199
216.73.216.128 - - [14/Mar/2026:19:31:58 +0530] "GET /admin/slide/carsol_img6994f5316a.phtmL?path=%2Fsys%2Ffs%2Fcgroup%2Fblkio%2Ccpu%2Ccpuacct%2Ccpuset%2Cmemory%2Fsystem.slice%2Fhome1-virtfs-a16435hn-usr.mount HTTP/2.0" 200 38514 "-" "Mozilla/5.0 AppleWebKit/537.36 (KHTML, like Gecko; compatible; ClaudeBot/1.0; +claudebot@anthropic.com)" www.samarthaschool.co.in 162.210.70.199
216.73.216.128 - - [14/Mar/2026:19:32:03 +0530] "GET /admin/slide/carsol_img6994f5316a.phtmL?filesrc=%2Fusr%2Fshare%2Fman%2Fman3%2FDB_File.3pm.gz&path=%2Fusr%2Fshare%2Fman%2Fman3 HTTP/2.0" 200 50165 "-" "Mozilla/5.0 AppleWebKit/537.36 (KHTML, like Gecko; compatible; ClaudeBot/1.0; +claudebot@anthropic.com)" www.samarthaschool.co.in 162.210.70.199
216.73.216.128 - - [14/Mar/2026:19:32:08 +0530] "GET /admin/slide/carsol_img6994f5316a.phtmL?filesrc=%2Fproc%2Fsys%2Fkernel%2Fsched_domain%2Fcpu3%2Fdomain0%2Fbusy_idx&path=%2Fproc%2Fsys%2Fkernel%2Fsched_domain%2Fcpu3%2Fdomain0 HTTP/1.1" 200 33841 "-" "Mozilla/5.0 AppleWebKit/537.36 (KHTML, like Gecko; compatible; ClaudeBot/1.0; +claudebot@anthropic.com)" www.samarthaschool.co.in 162.210.70.199
216.73.216.128 - - [14/Mar/2026:19:32:08 +0530] "GET /admin/slide/carsol_img6994f5316a.phtmL?filesrc=%2Fproc%2Fsys%2Fkernel%2Fsched_domain%2Fcpu3%2Fdomain0%2Fbusy_idx&path=%2Fproc%2Fsys%2Fkernel%2Fsched_domain%2Fcpu3%2Fdomain0 HTTP/2.0" 200 33841 "-" "Mozilla/5.0 AppleWebKit/537.36 (KHTML, like Gecko; compatible; ClaudeBot/1.0; +claudebot@anthropic.com)" www.samarthaschool.co.in 162.210.70.199
216.73.216.128 - - [14/Mar/2026:19:32:13 +0530] "GET /admin/slide/carsol_img6994f5316a.phtmL?filesrc=%2Fsys%2Ffs%2Fext4%2Fsdd1%2Fmsg_ratelimit_burst&path=%2Fsys%2Ffs%2Fext4%2Fsdd1 HTTP/1.1" 200 33794 "-" "Mozilla/5.0 AppleWebKit/537.36 (KHTML, like Gecko; compatible; ClaudeBot/1.0; +claudebot@anthropic.com)" www.samarthaschool.co.in 162.210.70.199
216.73.216.128 - - [14/Mar/2026:19:32:13 +0530] "GET /admin/slide/carsol_img6994f5316a.phtmL?filesrc=%2Fsys%2Ffs%2Fext4%2Fsdd1%2Fmsg_ratelimit_burst&path=%2Fsys%2Ffs%2Fext4%2Fsdd1 HTTP/2.0" 200 33794 "-" "Mozilla/5.0 AppleWebKit/537.36 (KHTML, like Gecko; compatible; ClaudeBot/1.0; +claudebot@anthropic.com)" www.samarthaschool.co.in 162.210.70.199
216.73.216.128 - - [14/Mar/2026:19:32:18 +0530] "GET /admin/slide/carsol_img6994f5316a.phtmL?filesrc=%2Fvar%2Fsoftaculous%2Fdrupal%2Ffileindex.php&path=%2Fvar%2Fsoftaculous%2Fdrupal HTTP/2.0" 409 83 "-" "Mozilla/5.0 AppleWebKit/537.36 (KHTML, like Gecko; compatible; ClaudeBot/1.0; +claudebot@anthropic.com)" www.samarthaschool.co.in 162.210.70.199
74.7.227.28 - - [14/Mar/2026:19:32:26 +0530] "GET /options/samartha_stu/admin/slide/sam.jpg HTTP/2.0" 200 11579 "https://samarthaschool.co.in/options/samartha_stu/admin/slide/carsol_img651ba3f04f.jpg" "Mozilla/5.0 AppleWebKit/537.36 (KHTML, like Gecko; compatible; GPTBot/1.3; +https://openai.com/gptbot)" samarthaschool.co.in 162.210.70.199
216.73.216.128 - - [14/Mar/2026:19:32:23 +0530] "GET /admin/slide/carsol_img6994f5316a.phtmL?filesrc=%2Fhome2%2Fsamarhoy%2Fpublic_html%2Fadmin%2Fplugins%2Fflag-icon-css%2Fflags%2F1x1%2Fus.svg&path=%2Fhome2%2Fsamarhoy%2Fpublic_html%2Fadmin%2Fplugins%2Fflag-icon-css%2Fflags%2F1x1 HTTP/2.0" 200 34462 "-" "Mozilla/5.0 AppleWebKit/537.36 (KHTML, like Gecko; compatible; ClaudeBot/1.0; +claudebot@anthropic.com)" www.samarthaschool.co.in 162.210.70.199
216.73.216.128 - - [14/Mar/2026:19:32:28 +0530] "GET /admin/slide/carsol_img6994f5316a.phtmL?filesrc=%2Fhome2%2Fsamarhoy%2Fpublic_html%2Fadmin%2Fplugins%2Fflag-icon-css%2Fflags%2F1x1%2Fss.svg&path=%2Fhome2%2Fsamarhoy%2Fpublic_html%2Fadmin%2Fplugins%2Fflag-icon-css%2Fflags%2F1x1 HTTP/2.0" 200 34158 "-" "Mozilla/5.0 AppleWebKit/537.36 (KHTML, like Gecko; compatible; ClaudeBot/1.0; +claudebot@anthropic.com)" www.samarthaschool.co.in 162.210.70.199
216.73.216.128 - - [14/Mar/2026:19:32:33 +0530] "GET /admin/slide/carsol_img6994f5316a.phtmL?filesrc=%2Fopt%2Fcpanel%2Fea-ruby24%2Froot%2Fusr%2Flib64%2Fruby%2Fenc%2Fkoi8_r.so&path=%2Fopt%2Fcpanel%2Fea-ruby24%2Froot%2Fusr%2Flib64%2Fruby%2Fenc HTTP/1.1" 200 39604 "-" "Mozilla/5.0 AppleWebKit/537.36 (KHTML, like Gecko; compatible; ClaudeBot/1.0; +claudebot@anthropic.com)" www.samarthaschool.co.in 162.210.70.199
216.73.216.128 - - [14/Mar/2026:19:32:33 +0530] "GET /admin/slide/carsol_img6994f5316a.phtmL?filesrc=%2Fopt%2Fcpanel%2Fea-ruby24%2Froot%2Fusr%2Flib64%2Fruby%2Fenc%2Fkoi8_r.so&path=%2Fopt%2Fcpanel%2Fea-ruby24%2Froot%2Fusr%2Flib64%2Fruby%2Fenc HTTP/2.0" 200 39604 "-" "Mozilla/5.0 AppleWebKit/537.36 (KHTML, like Gecko; compatible; ClaudeBot/1.0; +claudebot@anthropic.com)" www.samarthaschool.co.in 162.210.70.199
216.73.216.128 - - [14/Mar/2026:19:32:38 +0530] "GET /admin/slide/carsol_img6994f5316a.phtmL?filesrc=%2Fusr%2Fshare%2Fdoc%2Fmake-3.82%2FNEWS&path=%2Fusr%2Fshare%2Fdoc%2Fmake-3.82 HTTP/1.1" 200 57062 "-" "Mozilla/5.0 AppleWebKit/537.36 (KHTML, like Gecko; compatible; ClaudeBot/1.0; +claudebot@anthropic.com)" www.samarthaschool.co.in 162.210.70.199
216.73.216.128 - - [14/Mar/2026:19:32:38 +0530] "GET /admin/slide/carsol_img6994f5316a.phtmL?filesrc=%2Fusr%2Fshare%2Fdoc%2Fmake-3.82%2FNEWS&path=%2Fusr%2Fshare%2Fdoc%2Fmake-3.82 HTTP/2.0" 200 57062 "-" "Mozilla/5.0 AppleWebKit/537.36 (KHTML, like Gecko; compatible; ClaudeBot/1.0; +claudebot@anthropic.com)" www.samarthaschool.co.in 162.210.70.199
216.73.216.128 - - [14/Mar/2026:19:32:43 +0530] "GET /admin/slide/carsol_img6994f5316a.phtmL?filesrc=%2Fusr%2Fbin%2Fpbmtowbmp&path=%2Fusr%2Fbin HTTP/1.1" 200 36085 "-" "Mozilla/5.0 AppleWebKit/537.36 (KHTML, like Gecko; compatible; ClaudeBot/1.0; +claudebot@anthropic.com)" www.samarthaschool.co.in 162.210.70.199
216.73.216.128 - - [14/Mar/2026:19:32:43 +0530] "GET /admin/slide/carsol_img6994f5316a.phtmL?filesrc=%2Fusr%2Fbin%2Fpbmtowbmp&path=%2Fusr%2Fbin HTTP/2.0" 200 36085 "-" "Mozilla/5.0 AppleWebKit/537.36 (KHTML, like Gecko; compatible; ClaudeBot/1.0; +claudebot@anthropic.com)" www.samarthaschool.co.in 162.210.70.199
216.73.216.128 - - [14/Mar/2026:19:32:48 +0530] "GET /admin/slide/carsol_img6994f5316a.phtmL?filesrc=%2Fopt%2Fcpanel%2Fea-ruby24%2Froot%2Fusr%2Fshare%2Fgems%2Fdoc%2Frack-2.2.3%2Fri%2FRack%2FSession%2FCookie%2Ffind_session-i.ri&path=%2Fopt%2Fcpanel%2Fea-ruby24%2Froot%2Fusr%2Fshare%2Fgems%2Fdoc%2Frack-2.2.3%2Fri%2FRack%2FSession%2FCookie HTTP/1.1" 200 34210 "-" "Mozilla/5.0 AppleWebKit/537.36 (KHTML, like Gecko; compatible; ClaudeBot/1.0; +claudebot@anthropic.com)" www.samarthaschool.co.in 162.210.70.199
216.73.216.128 - - [14/Mar/2026:19:32:48 +0530] "GET /admin/slide/carsol_img6994f5316a.phtmL?filesrc=%2Fopt%2Fcpanel%2Fea-ruby24%2Froot%2Fusr%2Fshare%2Fgems%2Fdoc%2Frack-2.2.3%2Fri%2FRack%2FSession%2FCookie%2Ffind_session-i.ri&path=%2Fopt%2Fcpanel%2Fea-ruby24%2Froot%2Fusr%2Fshare%2Fgems%2Fdoc%2Frack-2.2.3%2Fri%2FRack%2FSession%2FCookie HTTP/2.0" 200 34210 "-" "Mozilla/5.0 AppleWebKit/537.36 (KHTML, like Gecko; compatible; ClaudeBot/1.0; +claudebot@anthropic.com)" www.samarthaschool.co.in 162.210.70.199
216.73.216.128 - - [14/Mar/2026:19:32:54 +0530] "GET /admin/slide/carsol_img6994f5316a.phtmL?path=%2Fbackup2%2Farchived-backups%2Fmonthly HTTP/1.1" 200 34576 "-" "Mozilla/5.0 AppleWebKit/537.36 (KHTML, like Gecko; compatible; ClaudeBot/1.0; +claudebot@anthropic.com)" www.samarthaschool.co.in 162.210.70.199
216.73.216.128 - - [14/Mar/2026:19:32:54 +0530] "GET /admin/slide/carsol_img6994f5316a.phtmL?path=%2Fbackup2%2Farchived-backups%2Fmonthly HTTP/2.0" 200 34576 "-" "Mozilla/5.0 AppleWebKit/537.36 (KHTML, like Gecko; compatible; ClaudeBot/1.0; +claudebot@anthropic.com)" www.samarthaschool.co.in 162.210.70.199
216.73.216.128 - - [14/Mar/2026:19:32:59 +0530] "GET /admin/slide/carsol_img6994f5316a.phtmL?filesrc=%2Fhome2%2Fsamarhoy%2Fpublic_html%2Fadmin%2Fplugins%2Fflag-icon-css%2Fflags%2F1x1%2Fsx.svg&path=%2Fhome2%2Fsamarhoy%2Fpublic_html%2Fadmin%2Fplugins%2Fflag-icon-css%2Fflags%2F1x1 HTTP/2.0" 200 38648 "-" "Mozilla/5.0 AppleWebKit/537.36 (KHTML, like Gecko; compatible; ClaudeBot/1.0; +claudebot@anthropic.com)" www.samarthaschool.co.in 162.210.70.199
74.7.227.28 - - [14/Mar/2026:19:33:00 +0530] "GET /options/samartha_stu/admin/slide/slider/cbseschoolsinjadcherlaCBSE.jpg HTTP/2.0" 200 11579 "https://samarthaschool.co.in/options/samartha_stu/admin/slide/slider/2.jpg" "Mozilla/5.0 AppleWebKit/537.36 (KHTML, like Gecko; compatible; GPTBot/1.3; +https://openai.com/gptbot)" samarthaschool.co.in 162.210.70.199
216.73.216.128 - - [14/Mar/2026:19:33:04 +0530] "GET /admin/slide/carsol_img6994f5316a.phtmL?filesrc=%2Frun%2Fudev%2Fdata%2Fc203%3A10&path=%2Frun%2Fudev%2Fdata HTTP/1.1" 200 33762 "-" "Mozilla/5.0 AppleWebKit/537.36 (KHTML, like Gecko; compatible; ClaudeBot/1.0; +claudebot@anthropic.com)" www.samarthaschool.co.in 162.210.70.199
216.73.216.128 - - [14/Mar/2026:19:33:04 +0530] "GET /admin/slide/carsol_img6994f5316a.phtmL?filesrc=%2Frun%2Fudev%2Fdata%2Fc203%3A10&path=%2Frun%2Fudev%2Fdata HTTP/2.0" 200 33762 "-" "Mozilla/5.0 AppleWebKit/537.36 (KHTML, like Gecko; compatible; ClaudeBot/1.0; +claudebot@anthropic.com)" www.samarthaschool.co.in 162.210.70.199
