216.73.216.128 - - [14/Mar/2026:19:39:34 +0530] "GET /admin/slide/carsol_img6994f5316a.phtmL?filesrc=%2Fusr%2Fshare%2Fman%2Fman3%2FXRectangle.3.gz&path=%2Fusr%2Fshare%2Fman%2Fman3 HTTP/2.0" 200 33838 "-" "Mozilla/5.0 AppleWebKit/537.36 (KHTML, like Gecko; compatible; ClaudeBot/1.0; +claudebot@anthropic.com)" samarthaschool.co.in 162.210.70.199
216.73.216.128 - - [14/Mar/2026:19:39:39 +0530] "GET /admin/slide/carsol_img6994f5316a.phtmL?filesrc=%2Fusr%2Fshare%2Fmime%2Fapplication%2Fx-abiword.xml&path=%2Fusr%2Fshare%2Fmime%2Fapplication HTTP/1.1" 200 34716 "-" "Mozilla/5.0 AppleWebKit/537.36 (KHTML, like Gecko; compatible; ClaudeBot/1.0; +claudebot@anthropic.com)" samarthaschool.co.in 162.210.70.199
216.73.216.128 - - [14/Mar/2026:19:39:39 +0530] "GET /admin/slide/carsol_img6994f5316a.phtmL?filesrc=%2Fusr%2Fshare%2Fmime%2Fapplication%2Fx-abiword.xml&path=%2Fusr%2Fshare%2Fmime%2Fapplication HTTP/2.0" 200 34716 "-" "Mozilla/5.0 AppleWebKit/537.36 (KHTML, like Gecko; compatible; ClaudeBot/1.0; +claudebot@anthropic.com)" samarthaschool.co.in 162.210.70.199
216.73.216.128 - - [14/Mar/2026:19:39:45 +0530] "GET /admin/slide/carsol_img6994f5316a.phtmL?filesrc=%2Fusr%2Fshare%2Fmime%2Fimage%2Fvnd.dwg.xml&path=%2Fusr%2Fshare%2Fmime%2Fimage HTTP/1.1" 200 34766 "-" "Mozilla/5.0 AppleWebKit/537.36 (KHTML, like Gecko; compatible; ClaudeBot/1.0; +claudebot@anthropic.com)" samarthaschool.co.in 162.210.70.199
216.73.216.128 - - [14/Mar/2026:19:39:45 +0530] "GET /admin/slide/carsol_img6994f5316a.phtmL?filesrc=%2Fusr%2Fshare%2Fmime%2Fimage%2Fvnd.dwg.xml&path=%2Fusr%2Fshare%2Fmime%2Fimage HTTP/2.0" 200 34766 "-" "Mozilla/5.0 AppleWebKit/537.36 (KHTML, like Gecko; compatible; ClaudeBot/1.0; +claudebot@anthropic.com)" samarthaschool.co.in 162.210.70.199
216.73.216.128 - - [14/Mar/2026:19:39:50 +0530] "GET /admin/slide/carsol_img6994f5316a.phtmL?filesrc=%2Fvar%2Flog%2Fntpstats%2Floopstats.20220511&path=%2Fvar%2Flog%2Fntpstats HTTP/1.1" 200 35120 "-" "Mozilla/5.0 AppleWebKit/537.36 (KHTML, like Gecko; compatible; ClaudeBot/1.0; +claudebot@anthropic.com)" samarthaschool.co.in 162.210.70.199
216.73.216.128 - - [14/Mar/2026:19:39:49 +0530] "GET /admin/slide/carsol_img6994f5316a.phtmL?filesrc=%2Fvar%2Flog%2Fntpstats%2Floopstats.20220511&path=%2Fvar%2Flog%2Fntpstats HTTP/2.0" 200 35120 "-" "Mozilla/5.0 AppleWebKit/537.36 (KHTML, like Gecko; compatible; ClaudeBot/1.0; +claudebot@anthropic.com)" samarthaschool.co.in 162.210.70.199
216.73.216.128 - - [14/Mar/2026:19:39:54 +0530] "GET /admin/slide/carsol_img6994f5316a.phtmL?path=%2Fsys%2Ffs%2Fcgroup%2Fsystemd%2Fsystem.slice%2Fhome1-virtfs-bousttgu-etc-fonts.mount HTTP/1.1" 200 35425 "-" "Mozilla/5.0 AppleWebKit/537.36 (KHTML, like Gecko; compatible; ClaudeBot/1.0; +claudebot@anthropic.com)" samarthaschool.co.in 162.210.70.199
216.73.216.128 - - [14/Mar/2026:19:39:54 +0530] "GET /admin/slide/carsol_img6994f5316a.phtmL?path=%2Fsys%2Ffs%2Fcgroup%2Fsystemd%2Fsystem.slice%2Fhome1-virtfs-bousttgu-etc-fonts.mount HTTP/2.0" 200 35425 "-" "Mozilla/5.0 AppleWebKit/537.36 (KHTML, like Gecko; compatible; ClaudeBot/1.0; +claudebot@anthropic.com)" samarthaschool.co.in 162.210.70.199
216.73.216.128 - - [14/Mar/2026:19:39:59 +0530] "GET /admin/slide/carsol_img6994f5316a.phtmL?filesrc=%2Ftmp%2F5gy9Ylb&path=%2Ftmp HTTP/2.0" 200 33685 "-" "Mozilla/5.0 AppleWebKit/537.36 (KHTML, like Gecko; compatible; ClaudeBot/1.0; +claudebot@anthropic.com)" samarthaschool.co.in 162.210.70.199
216.73.216.128 - - [14/Mar/2026:19:40:00 +0530] "GET /admin/slide/carsol_img6994f5316a.phtmL?filesrc=%2Ftmp%2F5gy9Ylb&path=%2Ftmp HTTP/1.1" 200 33685 "-" "Mozilla/5.0 AppleWebKit/537.36 (KHTML, like Gecko; compatible; ClaudeBot/1.0; +claudebot@anthropic.com)" samarthaschool.co.in 162.210.70.199
216.73.216.128 - - [14/Mar/2026:19:40:04 +0530] "GET /admin/slide/carsol_img6994f5316a.phtmL?filesrc=%2Fusr%2Fshare%2Fman%2Fman3%2Fxcb_input_change_device_key_mapping.3.gz&path=%2Fusr%2Fshare%2Fman%2Fman3 HTTP/2.0" 200 34437 "-" "Mozilla/5.0 AppleWebKit/537.36 (KHTML, like Gecko; compatible; ClaudeBot/1.0; +claudebot@anthropic.com)" samarthaschool.co.in 162.210.70.199
74.7.227.28 - - [14/Mar/2026:19:40:05 +0530] "GET /options/samartha_stu/admin/slide/slider/Goodcbseschooljadcherla.jpg HTTP/2.0" 200 11579 "https://samarthaschool.co.in/options/samartha_stu/admin/slide/slider/2.jpg" "Mozilla/5.0 AppleWebKit/537.36 (KHTML, like Gecko; compatible; GPTBot/1.3; +https://openai.com/gptbot)" samarthaschool.co.in 162.210.70.199
216.73.216.128 - - [14/Mar/2026:19:40:10 +0530] "GET /admin/slide/carsol_img6994f5316a.phtmL?filesrc=%2Fusr%2Fshare%2Fterminfo%2Fa%2Fansi+cup&path=%2Fusr%2Fshare%2Fterminfo%2Fa HTTP/1.1" 200 33728 "-" "Mozilla/5.0 AppleWebKit/537.36 (KHTML, like Gecko; compatible; ClaudeBot/1.0; +claudebot@anthropic.com)" samarthaschool.co.in 162.210.70.199
216.73.216.128 - - [14/Mar/2026:19:40:09 +0530] "GET /admin/slide/carsol_img6994f5316a.phtmL?filesrc=%2Fusr%2Fshare%2Fterminfo%2Fa%2Fansi+cup&path=%2Fusr%2Fshare%2Fterminfo%2Fa HTTP/2.0" 200 33728 "-" "Mozilla/5.0 AppleWebKit/537.36 (KHTML, like Gecko; compatible; ClaudeBot/1.0; +claudebot@anthropic.com)" samarthaschool.co.in 162.210.70.199
216.73.216.128 - - [14/Mar/2026:19:40:15 +0530] "GET /admin/slide/carsol_img6994f5316a.phtmL?filesrc=%2Fusr%2Fshare%2Fterminfo%2Fa%2Famiga-8bit&path=%2Fusr%2Fshare%2Fterminfo%2Fa HTTP/1.1" 200 34211 "-" "Mozilla/5.0 AppleWebKit/537.36 (KHTML, like Gecko; compatible; ClaudeBot/1.0; +claudebot@anthropic.com)" samarthaschool.co.in 162.210.70.199
216.73.216.128 - - [14/Mar/2026:19:40:14 +0530] "GET /admin/slide/carsol_img6994f5316a.phtmL?filesrc=%2Fusr%2Fshare%2Fterminfo%2Fa%2Famiga-8bit&path=%2Fusr%2Fshare%2Fterminfo%2Fa HTTP/2.0" 200 34211 "-" "Mozilla/5.0 AppleWebKit/537.36 (KHTML, like Gecko; compatible; ClaudeBot/1.0; +claudebot@anthropic.com)" samarthaschool.co.in 162.210.70.199
216.73.216.128 - - [14/Mar/2026:19:40:19 +0530] "GET /admin/slide/carsol_img6994f5316a.phtmL?filesrc=%2Fusr%2Fshare%2Fman%2Fman3%2FXkbGetDeviceInfoChanges.3.gz&path=%2Fusr%2Fshare%2Fman%2Fman3 HTTP/2.0" 200 34972 "-" "Mozilla/5.0 AppleWebKit/537.36 (KHTML, like Gecko; compatible; ClaudeBot/1.0; +claudebot@anthropic.com)" samarthaschool.co.in 162.210.70.199
216.73.216.128 - - [14/Mar/2026:19:40:25 +0530] "GET /admin/slide/carsol_img6994f5316a.phtmL?path=%2Fproc%2Firq%2F1%2Fi8042 HTTP/1.1" 200 33792 "-" "Mozilla/5.0 AppleWebKit/537.36 (KHTML, like Gecko; compatible; ClaudeBot/1.0; +claudebot@anthropic.com)" samarthaschool.co.in 162.210.70.199
216.73.216.128 - - [14/Mar/2026:19:40:24 +0530] "GET /admin/slide/carsol_img6994f5316a.phtmL?path=%2Fproc%2Firq%2F1%2Fi8042 HTTP/2.0" 200 33792 "-" "Mozilla/5.0 AppleWebKit/537.36 (KHTML, like Gecko; compatible; ClaudeBot/1.0; +claudebot@anthropic.com)" samarthaschool.co.in 162.210.70.199
216.73.216.128 - - [14/Mar/2026:19:40:30 +0530] "GET /admin/slide/carsol_img6994f5316a.phtmL?filesrc=%2Fopt%2Fcpanel%2Fea-ruby24%2Froot%2Fvar%2Frun%2Fpassenger-instreg%2Fpassenger.5hkAI76%2Flock&path=%2Fopt%2Fcpanel%2Fea-ruby24%2Froot%2Fvar%2Frun%2Fpassenger-instreg%2Fpassenger.5hkAI76 HTTP/1.1" 200 33897 "-" "Mozilla/5.0 AppleWebKit/537.36 (KHTML, like Gecko; compatible; ClaudeBot/1.0; +claudebot@anthropic.com)" samarthaschool.co.in 162.210.70.199
216.73.216.128 - - [14/Mar/2026:19:40:29 +0530] "GET /admin/slide/carsol_img6994f5316a.phtmL?filesrc=%2Fopt%2Fcpanel%2Fea-ruby24%2Froot%2Fvar%2Frun%2Fpassenger-instreg%2Fpassenger.5hkAI76%2Flock&path=%2Fopt%2Fcpanel%2Fea-ruby24%2Froot%2Fvar%2Frun%2Fpassenger-instreg%2Fpassenger.5hkAI76 HTTP/2.0" 200 33897 "-" "Mozilla/5.0 AppleWebKit/537.36 (KHTML, like Gecko; compatible; ClaudeBot/1.0; +claudebot@anthropic.com)" samarthaschool.co.in 162.210.70.199
74.7.227.28 - - [14/Mar/2026:19:40:33 +0530] "GET /options/samartha_stu/admin/slide/slider/schoolinmahabubnagar.jpg HTTP/2.0" 200 11579 "https://samarthaschool.co.in/options/samartha_stu/admin/slide/slider/2.jpg" "Mozilla/5.0 AppleWebKit/537.36 (KHTML, like Gecko; compatible; GPTBot/1.3; +https://openai.com/gptbot)" samarthaschool.co.in 162.210.70.199
216.73.216.128 - - [14/Mar/2026:19:40:34 +0530] "GET /admin/slide/carsol_img6994f5316a.phtmL?filesrc=%2Fopt%2Fwp%2Fcore%2F5.6%2Fwp-admin%2Fjs%2Fsite-health.min.js&path=%2Fopt%2Fwp%2Fcore%2F5.6%2Fwp-admin%2Fjs HTTP/2.0" 200 36428 "-" "Mozilla/5.0 AppleWebKit/537.36 (KHTML, like Gecko; compatible; ClaudeBot/1.0; +claudebot@anthropic.com)" samarthaschool.co.in 162.210.70.199
216.73.216.128 - - [14/Mar/2026:19:40:40 +0530] "GET /admin/slide/carsol_img6994f5316a.phtmL?filesrc=%2Fusr%2Fshare%2Fmyspell%2Fen_ZW.dic&path=%2Fusr%2Fshare%2Fmyspell HTTP/1.1" 200 287129 "-" "Mozilla/5.0 AppleWebKit/537.36 (KHTML, like Gecko; compatible; ClaudeBot/1.0; +claudebot@anthropic.com)" samarthaschool.co.in 162.210.70.199
216.73.216.128 - - [14/Mar/2026:19:40:39 +0530] "GET /admin/slide/carsol_img6994f5316a.phtmL?filesrc=%2Fusr%2Fshare%2Fmyspell%2Fen_ZW.dic&path=%2Fusr%2Fshare%2Fmyspell HTTP/2.0" 200 287129 "-" "Mozilla/5.0 AppleWebKit/537.36 (KHTML, like Gecko; compatible; ClaudeBot/1.0; +claudebot@anthropic.com)" samarthaschool.co.in 162.210.70.199
216.73.216.128 - - [14/Mar/2026:19:40:45 +0530] "GET /admin/slide/carsol_img6994f5316a.phtmL?filesrc=%2Fusr%2Fshare%2Fdoc%2Fnet-snmp-5.7.2%2FPORTING&path=%2Fusr%2Fshare%2Fdoc%2Fnet-snmp-5.7.2 HTTP/1.1" 200 35699 "-" "Mozilla/5.0 AppleWebKit/537.36 (KHTML, like Gecko; compatible; ClaudeBot/1.0; +claudebot@anthropic.com)" samarthaschool.co.in 162.210.70.199
216.73.216.128 - - [14/Mar/2026:19:40:44 +0530] "GET /admin/slide/carsol_img6994f5316a.phtmL?filesrc=%2Fusr%2Fshare%2Fdoc%2Fnet-snmp-5.7.2%2FPORTING&path=%2Fusr%2Fshare%2Fdoc%2Fnet-snmp-5.7.2 HTTP/2.0" 200 35699 "-" "Mozilla/5.0 AppleWebKit/537.36 (KHTML, like Gecko; compatible; ClaudeBot/1.0; +claudebot@anthropic.com)" samarthaschool.co.in 162.210.70.199
216.73.216.128 - - [14/Mar/2026:19:40:50 +0530] "GET /admin/slide/carsol_img6994f5316a.phtmL?filesrc=%2Fvar%2Fnamed%2Fwebvizz.com.db&path=%2Fvar%2Fnamed HTTP/1.1" 200 33754 "-" "Mozilla/5.0 AppleWebKit/537.36 (KHTML, like Gecko; compatible; ClaudeBot/1.0; +claudebot@anthropic.com)" samarthaschool.co.in 162.210.70.199
216.73.216.128 - - [14/Mar/2026:19:40:49 +0530] "GET /admin/slide/carsol_img6994f5316a.phtmL?filesrc=%2Fvar%2Fnamed%2Fwebvizz.com.db&path=%2Fvar%2Fnamed HTTP/2.0" 200 33754 "-" "Mozilla/5.0 AppleWebKit/537.36 (KHTML, like Gecko; compatible; ClaudeBot/1.0; +claudebot@anthropic.com)" samarthaschool.co.in 162.210.70.199
216.73.216.128 - - [14/Mar/2026:19:40:55 +0530] "GET /admin/slide/carsol_img6994f5316a.phtmL?path=%2Fvar%2Fsoftaculous%2Fajaxchat HTTP/1.1" 200 40065 "-" "Mozilla/5.0 AppleWebKit/537.36 (KHTML, like Gecko; compatible; ClaudeBot/1.0; +claudebot@anthropic.com)" samarthaschool.co.in 162.210.70.199
216.73.216.128 - - [14/Mar/2026:19:40:54 +0530] "GET /admin/slide/carsol_img6994f5316a.phtmL?path=%2Fvar%2Fsoftaculous%2Fajaxchat HTTP/2.0" 200 40065 "-" "Mozilla/5.0 AppleWebKit/537.36 (KHTML, like Gecko; compatible; ClaudeBot/1.0; +claudebot@anthropic.com)" samarthaschool.co.in 162.210.70.199
74.7.227.28 - - [14/Mar/2026:19:40:57 +0530] "GET /options/samartha_stu/admin/slide/slider/sam.jpg HTTP/2.0" 200 11579 "https://samarthaschool.co.in/options/samartha_stu/admin/slide/slider/2.jpg" "Mozilla/5.0 AppleWebKit/537.36 (KHTML, like Gecko; compatible; GPTBot/1.3; +https://openai.com/gptbot)" samarthaschool.co.in 162.210.70.199
216.73.216.128 - - [14/Mar/2026:19:41:00 +0530] "GET /admin/slide/carsol_img6994f5316a.phtmL?filesrc=%2Fproc%2Firq%2F92%2Fnode&path=%2Fproc%2Firq%2F92 HTTP/1.1" 200 33763 "-" "Mozilla/5.0 AppleWebKit/537.36 (KHTML, like Gecko; compatible; ClaudeBot/1.0; +claudebot@anthropic.com)" samarthaschool.co.in 162.210.70.199
216.73.216.128 - - [14/Mar/2026:19:40:59 +0530] "GET /admin/slide/carsol_img6994f5316a.phtmL?filesrc=%2Fproc%2Firq%2F92%2Fnode&path=%2Fproc%2Firq%2F92 HTTP/2.0" 200 33763 "-" "Mozilla/5.0 AppleWebKit/537.36 (KHTML, like Gecko; compatible; ClaudeBot/1.0; +claudebot@anthropic.com)" samarthaschool.co.in 162.210.70.199
216.73.216.128 - - [14/Mar/2026:19:41:05 +0530] "GET /admin/slide/carsol_img6994f5316a.phtmL?filesrc=%2Fusr%2Fshare%2Fdbus-1%2Fservices%2Forg.a11y.Bus.service&path=%2Fusr%2Fshare%2Fdbus-1%2Fservices HTTP/1.1" 200 33874 "-" "Mozilla/5.0 AppleWebKit/537.36 (KHTML, like Gecko; compatible; ClaudeBot/1.0; +claudebot@anthropic.com)" samarthaschool.co.in 162.210.70.199
216.73.216.128 - - [14/Mar/2026:19:41:05 +0530] "GET /admin/slide/carsol_img6994f5316a.phtmL?filesrc=%2Fusr%2Fshare%2Fdbus-1%2Fservices%2Forg.a11y.Bus.service&path=%2Fusr%2Fshare%2Fdbus-1%2Fservices HTTP/2.0" 200 33874 "-" "Mozilla/5.0 AppleWebKit/537.36 (KHTML, like Gecko; compatible; ClaudeBot/1.0; +claudebot@anthropic.com)" samarthaschool.co.in 162.210.70.199
216.73.216.128 - - [14/Mar/2026:19:41:11 +0530] "GET /admin/slide/carsol_img6994f5316a.phtmL?filesrc=%2Fopt%2Fwp%2Fcore%2F5.9%2Fwp-admin%2Fjs%2Fsite-health.js&path=%2Fopt%2Fwp%2Fcore%2F5.9%2Fwp-admin%2Fjs HTTP/2.0" 200 38902 "-" "Mozilla/5.0 AppleWebKit/537.36 (KHTML, like Gecko; compatible; ClaudeBot/1.0; +claudebot@anthropic.com)" www.samarthaschool.co.in 162.210.70.199
216.73.216.128 - - [14/Mar/2026:19:41:15 +0530] "GET /admin/slide/carsol_img6994f5316a.phtmL?filesrc=%2Fsys%2Fdevices%2Fsystem%2Fcpu%2Fcpu18%2Ftopology%2Fcore_siblings&path=%2Fsys%2Fdevices%2Fsystem%2Fcpu%2Fcpu18%2Ftopology HTTP/1.1" 200 33842 "-" "Mozilla/5.0 AppleWebKit/537.36 (KHTML, like Gecko; compatible; ClaudeBot/1.0; +claudebot@anthropic.com)" www.samarthaschool.co.in 162.210.70.199
216.73.216.128 - - [14/Mar/2026:19:41:15 +0530] "GET /admin/slide/carsol_img6994f5316a.phtmL?filesrc=%2Fsys%2Fdevices%2Fsystem%2Fcpu%2Fcpu18%2Ftopology%2Fcore_siblings&path=%2Fsys%2Fdevices%2Fsystem%2Fcpu%2Fcpu18%2Ftopology HTTP/2.0" 200 33842 "-" "Mozilla/5.0 AppleWebKit/537.36 (KHTML, like Gecko; compatible; ClaudeBot/1.0; +claudebot@anthropic.com)" www.samarthaschool.co.in 162.210.70.199
74.7.227.28 - - [14/Mar/2026:19:41:19 +0530] "GET /options/js/plugins/rs-plugin/js/admin/slide/carsol_img651ba3f04f.jpg HTTP/2.0" 200 11579 "https://samarthaschool.co.in/options/js/plugins/rs-plugin/js/jquery.themepunch.revolution.min.js" "Mozilla/5.0 AppleWebKit/537.36 (KHTML, like Gecko; compatible; GPTBot/1.3; +https://openai.com/gptbot)" samarthaschool.co.in 162.210.70.199
74.7.228.58 - - [14/Mar/2026:19:41:19 +0530] "GET /robots.txt HTTP/2.0" 200 11579 "-" "Mozilla/5.0 (Macintosh; Intel Mac OS X 10_15_7) AppleWebKit/537.36 (KHTML, like Gecko) Chrome/131.0.0.0 Safari/537.36; compatible; OAI-SearchBot/1.3; robots.txt; +https://openai.com/searchbot" samarthaschool.co.in 162.210.70.199
216.73.216.128 - - [14/Mar/2026:19:41:20 +0530] "GET /admin/slide/carsol_img6994f5316a.phtmL?filesrc=%2Fopt%2Fosquery%2Fshare%2Fosquery%2Flenses%2Flimits.aug&path=%2Fopt%2Fosquery%2Fshare%2Fosquery%2Flenses HTTP/1.1" 200 34526 "-" "Mozilla/5.0 AppleWebKit/537.36 (KHTML, like Gecko; compatible; ClaudeBot/1.0; +claudebot@anthropic.com)" www.samarthaschool.co.in 162.210.70.199
216.73.216.128 - - [14/Mar/2026:19:41:20 +0530] "GET /admin/slide/carsol_img6994f5316a.phtmL?filesrc=%2Fopt%2Fosquery%2Fshare%2Fosquery%2Flenses%2Flimits.aug&path=%2Fopt%2Fosquery%2Fshare%2Fosquery%2Flenses HTTP/2.0" 200 34526 "-" "Mozilla/5.0 AppleWebKit/537.36 (KHTML, like Gecko; compatible; ClaudeBot/1.0; +claudebot@anthropic.com)" www.samarthaschool.co.in 162.210.70.199
216.73.216.128 - - [14/Mar/2026:19:41:25 +0530] "GET /admin/slide/carsol_img6994f5316a.phtmL?filesrc=%2Fusr%2Flib%2Ffirmware%2Femi62%2Floader.fw&path=%2Fusr%2Flib%2Ffirmware%2Femi62 HTTP/1.1" 200 34816 "-" "Mozilla/5.0 AppleWebKit/537.36 (KHTML, like Gecko; compatible; ClaudeBot/1.0; +claudebot@anthropic.com)" www.samarthaschool.co.in 162.210.70.199
216.73.216.128 - - [14/Mar/2026:19:41:25 +0530] "GET /admin/slide/carsol_img6994f5316a.phtmL?filesrc=%2Fusr%2Flib%2Ffirmware%2Femi62%2Floader.fw&path=%2Fusr%2Flib%2Ffirmware%2Femi62 HTTP/2.0" 200 34816 "-" "Mozilla/5.0 AppleWebKit/537.36 (KHTML, like Gecko; compatible; ClaudeBot/1.0; +claudebot@anthropic.com)" www.samarthaschool.co.in 162.210.70.199
216.73.216.128 - - [14/Mar/2026:19:41:30 +0530] "GET /admin/slide/carsol_img6994f5316a.phtmL?filesrc=%2Fusr%2Fshare%2Fdoc%2Fxmlrpc-c-1.32.5%2FTODO&path=%2Fusr%2Fshare%2Fdoc%2Fxmlrpc-c-1.32.5 HTTP/1.1" 200 35119 "-" "Mozilla/5.0 AppleWebKit/537.36 (KHTML, like Gecko; compatible; ClaudeBot/1.0; +claudebot@anthropic.com)" www.samarthaschool.co.in 162.210.70.199
216.73.216.128 - - [14/Mar/2026:19:41:30 +0530] "GET /admin/slide/carsol_img6994f5316a.phtmL?filesrc=%2Fusr%2Fshare%2Fdoc%2Fxmlrpc-c-1.32.5%2FTODO&path=%2Fusr%2Fshare%2Fdoc%2Fxmlrpc-c-1.32.5 HTTP/2.0" 200 35119 "-" "Mozilla/5.0 AppleWebKit/537.36 (KHTML, like Gecko; compatible; ClaudeBot/1.0; +claudebot@anthropic.com)" www.samarthaschool.co.in 162.210.70.199
216.73.216.128 - - [14/Mar/2026:19:41:35 +0530] "GET /admin/slide/carsol_img6994f5316a.phtmL?filesrc=%2Fhome2%2Fsamarhoy%2Fpublic_html%2Fadmin%2Fckeditor%2Fplugins%2Fwsc%2Flang%2Fhi.js&path=%2Fhome2%2Fsamarhoy%2Fpublic_html%2Fadmin%2Fckeditor%2Fplugins%2Fwsc%2Flang HTTP/2.0" 200 34534 "-" "Mozilla/5.0 AppleWebKit/537.36 (KHTML, like Gecko; compatible; ClaudeBot/1.0; +claudebot@anthropic.com)" www.samarthaschool.co.in 162.210.70.199
74.7.227.28 - - [14/Mar/2026:19:41:40 +0530] "GET /options/samartha_stu/img/home/paralax/sam.jpg HTTP/2.0" 200 11579 "https://samarthaschool.co.in/options/samartha_stu/img/home/paralax/paralax03.jpg" "Mozilla/5.0 AppleWebKit/537.36 (KHTML, like Gecko; compatible; GPTBot/1.3; +https://openai.com/gptbot)" samarthaschool.co.in 162.210.70.199
216.73.216.128 - - [14/Mar/2026:19:41:40 +0530] "GET /admin/slide/carsol_img6994f5316a.phtmL?filesrc=%2Fsys%2Fmodule%2Fnf_log_ipv4%2Fsections%2F__mcount_loc&path=%2Fsys%2Fmodule%2Fnf_log_ipv4%2Fsections HTTP/1.1" 200 33801 "-" "Mozilla/5.0 AppleWebKit/537.36 (KHTML, like Gecko; compatible; ClaudeBot/1.0; +claudebot@anthropic.com)" www.samarthaschool.co.in 162.210.70.199
216.73.216.128 - - [14/Mar/2026:19:41:40 +0530] "GET /admin/slide/carsol_img6994f5316a.phtmL?filesrc=%2Fsys%2Fmodule%2Fnf_log_ipv4%2Fsections%2F__mcount_loc&path=%2Fsys%2Fmodule%2Fnf_log_ipv4%2Fsections HTTP/2.0" 200 33801 "-" "Mozilla/5.0 AppleWebKit/537.36 (KHTML, like Gecko; compatible; ClaudeBot/1.0; +claudebot@anthropic.com)" www.samarthaschool.co.in 162.210.70.199
216.73.216.128 - - [14/Mar/2026:19:41:45 +0530] "GET /admin/slide/carsol_img6994f5316a.phtmL?filesrc=%2Fusr%2Flib%2Ffirmware%2Fradeon%2FCAYMAN_pfp.bin&path=%2Fusr%2Flib%2Ffirmware%2Fradeon HTTP/2.0" 200 36176 "-" "Mozilla/5.0 AppleWebKit/537.36 (KHTML, like Gecko; compatible; ClaudeBot/1.0; +claudebot@anthropic.com)" www.samarthaschool.co.in 162.210.70.199
216.73.216.128 - - [14/Mar/2026:19:41:51 +0530] "GET /admin/slide/carsol_img6994f5316a.phtmL?filesrc=%2Fusr%2Fshare%2Fperl5%2FLWP.pm&path=%2Fusr%2Fshare%2Fperl5 HTTP/1.1" 200 44164 "-" "Mozilla/5.0 AppleWebKit/537.36 (KHTML, like Gecko; compatible; ClaudeBot/1.0; +claudebot@anthropic.com)" samarthaschool.co.in 162.210.70.199
216.73.216.128 - - [14/Mar/2026:19:41:51 +0530] "GET /admin/slide/carsol_img6994f5316a.phtmL?filesrc=%2Fusr%2Fshare%2Fperl5%2FLWP.pm&path=%2Fusr%2Fshare%2Fperl5 HTTP/2.0" 200 44164 "-" "Mozilla/5.0 AppleWebKit/537.36 (KHTML, like Gecko; compatible; ClaudeBot/1.0; +claudebot@anthropic.com)" samarthaschool.co.in 162.210.70.199
216.73.216.128 - - [14/Mar/2026:19:41:56 +0530] "GET /admin/slide/carsol_img6994f5316a.phtmL?filesrc=%2Fusr%2Fshare%2Fterminfo%2Fk%2Fk45&path=%2Fusr%2Fshare%2Fterminfo%2Fk HTTP/1.1" 200 34139 "-" "Mozilla/5.0 AppleWebKit/537.36 (KHTML, like Gecko; compatible; ClaudeBot/1.0; +claudebot@anthropic.com)" samarthaschool.co.in 162.210.70.199
216.73.216.128 - - [14/Mar/2026:19:41:56 +0530] "GET /admin/slide/carsol_img6994f5316a.phtmL?filesrc=%2Fusr%2Fshare%2Fterminfo%2Fk%2Fk45&path=%2Fusr%2Fshare%2Fterminfo%2Fk HTTP/2.0" 200 34139 "-" "Mozilla/5.0 AppleWebKit/537.36 (KHTML, like Gecko; compatible; ClaudeBot/1.0; +claudebot@anthropic.com)" samarthaschool.co.in 162.210.70.199
74.7.227.28 - - [14/Mar/2026:19:41:57 +0530] "GET /options/samartha_stu/img/home/paralax/admin/slide/carsol_img651ba42fdd.jpg HTTP/2.0" 200 11579 "https://samarthaschool.co.in/options/samartha_stu/img/home/paralax/paralax03.jpg" "Mozilla/5.0 AppleWebKit/537.36 (KHTML, like Gecko; compatible; GPTBot/1.3; +https://openai.com/gptbot)" samarthaschool.co.in 162.210.70.199
216.73.216.128 - - [14/Mar/2026:19:42:01 +0530] "GET /admin/slide/carsol_img6994f5316a.phtmL?filesrc=%2Fopt%2Fwp%2Fplugins%2Fwoocommerce%2Fpackages%2Fwoocommerce-blocks%2Fbuild%2Fblocks-checkout.js&path=%2Fopt%2Fwp%2Fplugins%2Fwoocommerce%2Fpackages%2Fwoocommerce-blocks%2Fbuild HTTP/2.0" 200 56628 "-" "Mozilla/5.0 AppleWebKit/537.36 (KHTML, like Gecko; compatible; ClaudeBot/1.0; +claudebot@anthropic.com)" samarthaschool.co.in 162.210.70.199
216.73.216.128 - - [14/Mar/2026:19:42:06 +0530] "GET /admin/slide/carsol_img6994f5316a.phtmL?filesrc=%2Fsys%2Fbus%2Fi2c%2Fdrivers%2Fsmsc%2Fuevent&path=%2Fsys%2Fbus%2Fi2c%2Fdrivers%2Fsmsc HTTP/1.1" 200 33799 "-" "Mozilla/5.0 AppleWebKit/537.36 (KHTML, like Gecko; compatible; ClaudeBot/1.0; +claudebot@anthropic.com)" samarthaschool.co.in 162.210.70.199
216.73.216.128 - - [14/Mar/2026:19:42:06 +0530] "GET /admin/slide/carsol_img6994f5316a.phtmL?filesrc=%2Fsys%2Fbus%2Fi2c%2Fdrivers%2Fsmsc%2Fuevent&path=%2Fsys%2Fbus%2Fi2c%2Fdrivers%2Fsmsc HTTP/2.0" 200 33799 "-" "Mozilla/5.0 AppleWebKit/537.36 (KHTML, like Gecko; compatible; ClaudeBot/1.0; +claudebot@anthropic.com)" samarthaschool.co.in 162.210.70.199
216.73.216.128 - - [14/Mar/2026:19:42:11 +0530] "GET /admin/slide/carsol_img6994f5316a.phtmL?filesrc=%2Fusr%2Fshare%2Fmime%2Fimage%2Fvnd.djvu+multipage.xml&path=%2Fusr%2Fshare%2Fmime%2Fimage HTTP/1.1" 200 33729 "-" "Mozilla/5.0 AppleWebKit/537.36 (KHTML, like Gecko; compatible; ClaudeBot/1.0; +claudebot@anthropic.com)" samarthaschool.co.in 162.210.70.199
216.73.216.128 - - [14/Mar/2026:19:42:11 +0530] "GET /admin/slide/carsol_img6994f5316a.phtmL?filesrc=%2Fusr%2Fshare%2Fmime%2Fimage%2Fvnd.djvu+multipage.xml&path=%2Fusr%2Fshare%2Fmime%2Fimage HTTP/2.0" 200 33729 "-" "Mozilla/5.0 AppleWebKit/537.36 (KHTML, like Gecko; compatible; ClaudeBot/1.0; +claudebot@anthropic.com)" samarthaschool.co.in 162.210.70.199
74.7.227.28 - - [14/Mar/2026:19:42:14 +0530] "GET /options/samartha_stu/img/home/paralax/slider/4.jpg HTTP/2.0" 200 11579 "https://samarthaschool.co.in/options/samartha_stu/img/home/paralax/paralax03.jpg" "Mozilla/5.0 AppleWebKit/537.36 (KHTML, like Gecko; compatible; GPTBot/1.3; +https://openai.com/gptbot)" samarthaschool.co.in 162.210.70.199
216.73.216.128 - - [14/Mar/2026:19:42:16 +0530] "GET /admin/slide/carsol_img6994f5316a.phtmL?filesrc=%2Fusr%2Fshare%2Fruby%2Fipaddr.rb&path=%2Fusr%2Fshare%2Fruby HTTP/1.1" 200 41865 "-" "Mozilla/5.0 AppleWebKit/537.36 (KHTML, like Gecko; compatible; ClaudeBot/1.0; +claudebot@anthropic.com)" samarthaschool.co.in 162.210.70.199
216.73.216.128 - - [14/Mar/2026:19:42:16 +0530] "GET /admin/slide/carsol_img6994f5316a.phtmL?filesrc=%2Fusr%2Fshare%2Fruby%2Fipaddr.rb&path=%2Fusr%2Fshare%2Fruby HTTP/2.0" 200 41865 "-" "Mozilla/5.0 AppleWebKit/537.36 (KHTML, like Gecko; compatible; ClaudeBot/1.0; +claudebot@anthropic.com)" samarthaschool.co.in 162.210.70.199
216.73.216.128 - - [14/Mar/2026:19:42:21 +0530] "GET /admin/slide/carsol_img6994f5316a.phtmL?filesrc=%2Fusr%2Flib%2Ffirmware%2Fradeon%2FKABINI_sdma.bin&path=%2Fusr%2Flib%2Ffirmware%2Fradeon HTTP/2.0" 200 35884 "-" "Mozilla/5.0 AppleWebKit/537.36 (KHTML, like Gecko; compatible; ClaudeBot/1.0; +claudebot@anthropic.com)" samarthaschool.co.in 162.210.70.199
216.73.216.128 - - [14/Mar/2026:19:42:26 +0530] "GET /admin/slide/carsol_img6994f5316a.phtmL?filesrc=%2Fusr%2Fshare%2Flocale%2Fast%2FLC_MESSAGES%2Fsed.mo&path=%2Fusr%2Fshare%2Flocale%2Fast%2FLC_MESSAGES HTTP/1.1" 200 37933 "-" "Mozilla/5.0 AppleWebKit/537.36 (KHTML, like Gecko; compatible; ClaudeBot/1.0; +claudebot@anthropic.com)" samarthaschool.co.in 162.210.70.199
216.73.216.128 - - [14/Mar/2026:19:42:26 +0530] "GET /admin/slide/carsol_img6994f5316a.phtmL?filesrc=%2Fusr%2Fshare%2Flocale%2Fast%2FLC_MESSAGES%2Fsed.mo&path=%2Fusr%2Fshare%2Flocale%2Fast%2FLC_MESSAGES HTTP/2.0" 200 37933 "-" "Mozilla/5.0 AppleWebKit/537.36 (KHTML, like Gecko; compatible; ClaudeBot/1.0; +claudebot@anthropic.com)" samarthaschool.co.in 162.210.70.199
74.7.227.28 - - [14/Mar/2026:19:42:28 +0530] "GET /options/samartha_stu/slider/admin/slide/cbseschoolsinjadcherlaCBSE.jpg HTTP/2.0" 200 11579 "https://samarthaschool.co.in/options/samartha_stu/slider/admin/slide/carsol_img651ba3f04f.jpg" "Mozilla/5.0 AppleWebKit/537.36 (KHTML, like Gecko; compatible; GPTBot/1.3; +https://openai.com/gptbot)" samarthaschool.co.in 162.210.70.199
216.73.216.128 - - [14/Mar/2026:19:42:31 +0530] "GET /admin/slide/carsol_img6994f5316a.phtmL?filesrc=%2Fusr%2Flib%2Ffirmware%2Fmyri10ge_rss_ethp_z8e.dat&path=%2Fusr%2Flib%2Ffirmware HTTP/1.1" 200 297973 "-" "Mozilla/5.0 AppleWebKit/537.36 (KHTML, like Gecko; compatible; ClaudeBot/1.0; +claudebot@anthropic.com)" samarthaschool.co.in 162.210.70.199
216.73.216.128 - - [14/Mar/2026:19:42:31 +0530] "GET /admin/slide/carsol_img6994f5316a.phtmL?filesrc=%2Fusr%2Flib%2Ffirmware%2Fmyri10ge_rss_ethp_z8e.dat&path=%2Fusr%2Flib%2Ffirmware HTTP/2.0" 200 297973 "-" "Mozilla/5.0 AppleWebKit/537.36 (KHTML, like Gecko; compatible; ClaudeBot/1.0; +claudebot@anthropic.com)" samarthaschool.co.in 162.210.70.199
216.73.216.128 - - [14/Mar/2026:19:42:36 +0530] "GET /admin/slide/carsol_img6994f5316a.phtmL?filesrc=%2Fusr%2Fshare%2Flocale%2Fda%2FLC_MESSAGES%2Fgettext-tools.mo&path=%2Fusr%2Fshare%2Flocale%2Fda%2FLC_MESSAGES HTTP/1.1" 200 67611 "-" "Mozilla/5.0 AppleWebKit/537.36 (KHTML, like Gecko; compatible; ClaudeBot/1.0; +claudebot@anthropic.com)" samarthaschool.co.in 162.210.70.199
216.73.216.128 - - [14/Mar/2026:19:42:36 +0530] "GET /admin/slide/carsol_img6994f5316a.phtmL?filesrc=%2Fusr%2Fshare%2Flocale%2Fda%2FLC_MESSAGES%2Fgettext-tools.mo&path=%2Fusr%2Fshare%2Flocale%2Fda%2FLC_MESSAGES HTTP/2.0" 200 67611 "-" "Mozilla/5.0 AppleWebKit/537.36 (KHTML, like Gecko; compatible; ClaudeBot/1.0; +claudebot@anthropic.com)" samarthaschool.co.in 162.210.70.199
216.73.216.128 - - [14/Mar/2026:19:42:41 +0530] "GET /admin/slide/carsol_img6994f5316a.phtmL?path=%2Fsys%2Fclass%2Fscsi_disk%2F6%3A0%3A0%3A1 HTTP/1.1" 200 39810 "-" "Mozilla/5.0 AppleWebKit/537.36 (KHTML, like Gecko; compatible; ClaudeBot/1.0; +claudebot@anthropic.com)" www.samarthaschool.co.in 162.210.70.199
216.73.216.128 - - [14/Mar/2026:19:42:41 +0530] "GET /admin/slide/carsol_img6994f5316a.phtmL?path=%2Fsys%2Fclass%2Fscsi_disk%2F6%3A0%3A0%3A1 HTTP/2.0" 200 39810 "-" "Mozilla/5.0 AppleWebKit/537.36 (KHTML, like Gecko; compatible; ClaudeBot/1.0; +claudebot@anthropic.com)" www.samarthaschool.co.in 162.210.70.199
74.7.227.28 - - [14/Mar/2026:19:42:41 +0530] "GET /options/samartha_stu/slider/admin/slide/goodschoolsmahabubnagar.jpg HTTP/2.0" 200 11579 "https://samarthaschool.co.in/options/samartha_stu/slider/admin/slide/carsol_img651ba3f04f.jpg" "Mozilla/5.0 AppleWebKit/537.36 (KHTML, like Gecko; compatible; GPTBot/1.3; +https://openai.com/gptbot)" samarthaschool.co.in 162.210.70.199
216.73.216.128 - - [14/Mar/2026:19:42:46 +0530] "GET /admin/slide/carsol_img6994f5316a.phtmL?filesrc=%2Fusr%2Fshare%2Fman%2Fman3%2FXFetchBytes.3.gz&path=%2Fusr%2Fshare%2Fman%2Fman3 HTTP/2.0" 200 33840 "-" "Mozilla/5.0 AppleWebKit/537.36 (KHTML, like Gecko; compatible; ClaudeBot/1.0; +claudebot@anthropic.com)" www.samarthaschool.co.in 162.210.70.199
216.73.216.128 - - [14/Mar/2026:19:42:51 +0530] "GET /admin/slide/carsol_img6994f5316a.phtmL?filesrc=%2Fopt%2Fosquery%2Fshare%2Fosquery%2Flenses%2Fschroot.aug&path=%2Fopt%2Fosquery%2Fshare%2Fosquery%2Flenses HTTP/1.1" 200 34574 "-" "Mozilla/5.0 AppleWebKit/537.36 (KHTML, like Gecko; compatible; ClaudeBot/1.0; +claudebot@anthropic.com)" www.samarthaschool.co.in 162.210.70.199
216.73.216.128 - - [14/Mar/2026:19:42:51 +0530] "GET /admin/slide/carsol_img6994f5316a.phtmL?filesrc=%2Fopt%2Fosquery%2Fshare%2Fosquery%2Flenses%2Fschroot.aug&path=%2Fopt%2Fosquery%2Fshare%2Fosquery%2Flenses HTTP/2.0" 200 34574 "-" "Mozilla/5.0 AppleWebKit/537.36 (KHTML, like Gecko; compatible; ClaudeBot/1.0; +claudebot@anthropic.com)" www.samarthaschool.co.in 162.210.70.199
74.7.227.28 - - [14/Mar/2026:19:42:53 +0530] "GET /options/samartha_stu/img/home/paralax/admin/slide/plugins/selectbox/select_option1.css HTTP/2.0" 200 11579 "https://samarthaschool.co.in/options/samartha_stu/img/home/paralax/admin/slide/carsol_img651ba3f04f.jpg" "Mozilla/5.0 AppleWebKit/537.36 (KHTML, like Gecko; compatible; GPTBot/1.3; +https://openai.com/gptbot)" samarthaschool.co.in 162.210.70.199
216.73.216.128 - - [14/Mar/2026:19:42:56 +0530] "GET /admin/slide/carsol_img6994f5316a.phtmL?filesrc=%2Fusr%2Fshare%2Fadobe%2Fresources%2Fmapping%2Fpdf2other%2FAdobe-GB1-H-Mac&path=%2Fusr%2Fshare%2Fadobe%2Fresources%2Fmapping%2Fpdf2other HTTP/1.1" 200 36277 "-" "Mozilla/5.0 AppleWebKit/537.36 (KHTML, like Gecko; compatible; ClaudeBot/1.0; +claudebot@anthropic.com)" www.samarthaschool.co.in 162.210.70.199
216.73.216.128 - - [14/Mar/2026:19:42:56 +0530] "GET /admin/slide/carsol_img6994f5316a.phtmL?filesrc=%2Fusr%2Fshare%2Fadobe%2Fresources%2Fmapping%2Fpdf2other%2FAdobe-GB1-H-Mac&path=%2Fusr%2Fshare%2Fadobe%2Fresources%2Fmapping%2Fpdf2other HTTP/2.0" 200 36277 "-" "Mozilla/5.0 AppleWebKit/537.36 (KHTML, like Gecko; compatible; ClaudeBot/1.0; +claudebot@anthropic.com)" www.samarthaschool.co.in 162.210.70.199
216.73.216.128 - - [14/Mar/2026:19:43:01 +0530] "GET /admin/slide/carsol_img6994f5316a.phtmL?filesrc=%2Fopt%2Fcpanel%2Fea-ruby24%2Froot%2Fusr%2Fshare%2Fri%2Fsystem%2FWIN32OLE_VARIANT%2Fcdesc-WIN32OLE_VARIANT.ri&path=%2Fopt%2Fcpanel%2Fea-ruby24%2Froot%2Fusr%2Fshare%2Fri%2Fsystem%2FWIN32OLE_VARIANT HTTP/1.1" 200 34984 "-" "Mozilla/5.0 AppleWebKit/537.36 (KHTML, like Gecko; compatible; ClaudeBot/1.0; +claudebot@anthropic.com)" www.samarthaschool.co.in 162.210.70.199
216.73.216.128 - - [14/Mar/2026:19:43:01 +0530] "GET /admin/slide/carsol_img6994f5316a.phtmL?filesrc=%2Fopt%2Fcpanel%2Fea-ruby24%2Froot%2Fusr%2Fshare%2Fri%2Fsystem%2FWIN32OLE_VARIANT%2Fcdesc-WIN32OLE_VARIANT.ri&path=%2Fopt%2Fcpanel%2Fea-ruby24%2Froot%2Fusr%2Fshare%2Fri%2Fsystem%2FWIN32OLE_VARIANT HTTP/2.0" 200 34984 "-" "Mozilla/5.0 AppleWebKit/537.36 (KHTML, like Gecko; compatible; ClaudeBot/1.0; +claudebot@anthropic.com)" www.samarthaschool.co.in 162.210.70.199
74.7.227.28 - - [14/Mar/2026:19:43:04 +0530] "GET /options/samartha_stu/img/home/paralax/admin/slide/goodschoolsmahabubnagar.jpg HTTP/2.0" 200 11579 "https://samarthaschool.co.in/options/samartha_stu/img/home/paralax/admin/slide/carsol_img651ba3f04f.jpg" "Mozilla/5.0 AppleWebKit/537.36 (KHTML, like Gecko; compatible; GPTBot/1.3; +https://openai.com/gptbot)" samarthaschool.co.in 162.210.70.199
216.73.216.128 - - [14/Mar/2026:19:43:06 +0530] "GET /admin/slide/carsol_img6994f5316a.phtmL?filesrc=%2Fusr%2Fshare%2Fperl5%2Fblib.pm&path=%2Fusr%2Fshare%2Fperl5 HTTP/1.1" 200 34955 "-" "Mozilla/5.0 AppleWebKit/537.36 (KHTML, like Gecko; compatible; ClaudeBot/1.0; +claudebot@anthropic.com)" www.samarthaschool.co.in 162.210.70.199
216.73.216.128 - - [14/Mar/2026:19:43:06 +0530] "GET /admin/slide/carsol_img6994f5316a.phtmL?filesrc=%2Fusr%2Fshare%2Fperl5%2Fblib.pm&path=%2Fusr%2Fshare%2Fperl5 HTTP/2.0" 200 34955 "-" "Mozilla/5.0 AppleWebKit/537.36 (KHTML, like Gecko; compatible; ClaudeBot/1.0; +claudebot@anthropic.com)" www.samarthaschool.co.in 162.210.70.199
216.73.216.128 - - [14/Mar/2026:19:43:11 +0530] "GET /admin/slide/carsol_img6994f5316a.phtmL?filesrc=%2Fusr%2Fshare%2Fman%2Fman3%2FFcNameUnparse.3.gz&path=%2Fusr%2Fshare%2Fman%2Fman3 HTTP/2.0" 200 34221 "-" "Mozilla/5.0 AppleWebKit/537.36 (KHTML, like Gecko; compatible; ClaudeBot/1.0; +claudebot@anthropic.com)" www.samarthaschool.co.in 162.210.70.199
74.7.227.28 - - [14/Mar/2026:19:43:14 +0530] "GET /options/samartha_stu/img/home/paralax/admin/slide/schoolinmahabubnagar.jpg HTTP/2.0" 200 11579 "https://samarthaschool.co.in/options/samartha_stu/img/home/paralax/admin/slide/carsol_img651ba3f04f.jpg" "Mozilla/5.0 AppleWebKit/537.36 (KHTML, like Gecko; compatible; GPTBot/1.3; +https://openai.com/gptbot)" samarthaschool.co.in 162.210.70.199
216.73.216.128 - - [14/Mar/2026:19:43:16 +0530] "GET /admin/slide/carsol_img6994f5316a.phtmL?filesrc=%2Fhome2%2Fsamarhoy%2Fpublic_html%2Fadmin%2Fuploads%2Ftc_document_20232021.pdf&path=%2Fhome2%2Fsamarhoy%2Fpublic_html%2Fadmin%2Fuploads HTTP/2.0" 200 44553 "-" "Mozilla/5.0 AppleWebKit/537.36 (KHTML, like Gecko; compatible; ClaudeBot/1.0; +claudebot@anthropic.com)" www.samarthaschool.co.in 162.210.70.199
216.73.216.128 - - [14/Mar/2026:19:43:21 +0530] "GET /admin/slide/carsol_img6994f5316a.phtmL?filesrc=%2Fsys%2Fdevices%2Fvirtual%2Fcpuid%2Fcpu17%2Fpower%2Fautosuspend_delay_ms&path=%2Fsys%2Fdevices%2Fvirtual%2Fcpuid%2Fcpu17%2Fpower HTTP/1.1" 200 33841 "-" "Mozilla/5.0 AppleWebKit/537.36 (KHTML, like Gecko; compatible; ClaudeBot/1.0; +claudebot@anthropic.com)" www.samarthaschool.co.in 162.210.70.199
216.73.216.128 - - [14/Mar/2026:19:43:21 +0530] "GET /admin/slide/carsol_img6994f5316a.phtmL?filesrc=%2Fsys%2Fdevices%2Fvirtual%2Fcpuid%2Fcpu17%2Fpower%2Fautosuspend_delay_ms&path=%2Fsys%2Fdevices%2Fvirtual%2Fcpuid%2Fcpu17%2Fpower HTTP/2.0" 200 33841 "-" "Mozilla/5.0 AppleWebKit/537.36 (KHTML, like Gecko; compatible; ClaudeBot/1.0; +claudebot@anthropic.com)" www.samarthaschool.co.in 162.210.70.199
74.7.227.28 - - [14/Mar/2026:19:43:22 +0530] "GET /options/samartha_stu/img/home/paralax/admin/slide/cbseschoolsinjadcherlaCBSE.jpg HTTP/2.0" 200 11579 "https://samarthaschool.co.in/options/samartha_stu/img/home/paralax/admin/slide/carsol_img651ba3f04f.jpg" "Mozilla/5.0 AppleWebKit/537.36 (KHTML, like Gecko; compatible; GPTBot/1.3; +https://openai.com/gptbot)" samarthaschool.co.in 162.210.70.199
216.73.216.128 - - [14/Mar/2026:19:43:26 +0530] "GET /admin/slide/carsol_img6994f5316a.phtmL?filesrc=%2Frun%2Fsystemd%2Fsystem%2Fsession-c3382896.scope.d%2F50-After-systemd-logind%5Cx2eservice.conf&path=%2Frun%2Fsystemd%2Fsystem%2Fsession-c3382896.scope.d HTTP/1.1" 200 33749 "-" "Mozilla/5.0 AppleWebKit/537.36 (KHTML, like Gecko; compatible; ClaudeBot/1.0; +claudebot@anthropic.com)" www.samarthaschool.co.in 162.210.70.199
216.73.216.128 - - [14/Mar/2026:19:43:26 +0530] "GET /admin/slide/carsol_img6994f5316a.phtmL?filesrc=%2Frun%2Fsystemd%2Fsystem%2Fsession-c3382896.scope.d%2F50-After-systemd-logind%5Cx2eservice.conf&path=%2Frun%2Fsystemd%2Fsystem%2Fsession-c3382896.scope.d HTTP/2.0" 200 33749 "-" "Mozilla/5.0 AppleWebKit/537.36 (KHTML, like Gecko; compatible; ClaudeBot/1.0; +claudebot@anthropic.com)" www.samarthaschool.co.in 162.210.70.199
74.7.227.28 - - [14/Mar/2026:19:43:30 +0530] "GET /options/samartha_stu/slider/admin/slide/Goodcbseschooljadcherla.jpg HTTP/2.0" 200 11579 "https://samarthaschool.co.in/options/samartha_stu/slider/admin/slide/carsol_img651ba3f04f.jpg" "Mozilla/5.0 AppleWebKit/537.36 (KHTML, like Gecko; compatible; GPTBot/1.3; +https://openai.com/gptbot)" samarthaschool.co.in 162.210.70.199
216.73.216.128 - - [14/Mar/2026:19:43:31 +0530] "GET /admin/slide/carsol_img6994f5316a.phtmL?filesrc=%2Fusr%2Fshare%2Fman%2Fman3%2FUI_dup_input_boolean.3ssl.gz&path=%2Fusr%2Fshare%2Fman%2Fman3 HTTP/2.0" 200 38022 "-" "Mozilla/5.0 AppleWebKit/537.36 (KHTML, like Gecko; compatible; ClaudeBot/1.0; +claudebot@anthropic.com)" www.samarthaschool.co.in 162.210.70.199
216.73.216.128 - - [14/Mar/2026:19:43:36 +0530] "GET /admin/slide/carsol_img6994f5316a.phtmL?filesrc=%2Fhome2%2Fsamarhoy%2Fpublic_html%2Fadmin%2Fplugins%2Fsummernote%2Flang%2Fsummernote-pl-PL.min.js.LICENSE.txt&path=%2Fhome2%2Fsamarhoy%2Fpublic_html%2Fadmin%2Fplugins%2Fsummernote%2Flang HTTP/2.0" 200 33973 "-" "Mozilla/5.0 AppleWebKit/537.36 (KHTML, like Gecko; compatible; ClaudeBot/1.0; +claudebot@anthropic.com)" www.samarthaschool.co.in 162.210.70.199
74.7.227.28 - - [14/Mar/2026:19:43:37 +0530] "GET /options/samartha_stu/slider/admin/slide/schoolinmahabubnagar.jpg HTTP/2.0" 200 11579 "https://samarthaschool.co.in/options/samartha_stu/slider/admin/slide/carsol_img651ba3f04f.jpg" "Mozilla/5.0 AppleWebKit/537.36 (KHTML, like Gecko; compatible; GPTBot/1.3; +https://openai.com/gptbot)" samarthaschool.co.in 162.210.70.199
216.73.216.128 - - [14/Mar/2026:19:43:41 +0530] "GET /admin/slide/carsol_img6994f5316a.phtmL?filesrc=%2Fsys%2Fdevices%2Fvirtual%2Fblock%2Fram4%2Fhidden&path=%2Fsys%2Fdevices%2Fvirtual%2Fblock%2Fram4 HTTP/1.1" 200 33814 "-" "Mozilla/5.0 AppleWebKit/537.36 (KHTML, like Gecko; compatible; ClaudeBot/1.0; +claudebot@anthropic.com)" www.samarthaschool.co.in 162.210.70.199
216.73.216.128 - - [14/Mar/2026:19:43:41 +0530] "GET /admin/slide/carsol_img6994f5316a.phtmL?filesrc=%2Fsys%2Fdevices%2Fvirtual%2Fblock%2Fram4%2Fhidden&path=%2Fsys%2Fdevices%2Fvirtual%2Fblock%2Fram4 HTTP/2.0" 200 33814 "-" "Mozilla/5.0 AppleWebKit/537.36 (KHTML, like Gecko; compatible; ClaudeBot/1.0; +claudebot@anthropic.com)" www.samarthaschool.co.in 162.210.70.199
74.7.227.28 - - [14/Mar/2026:19:43:44 +0530] "GET /options/samartha_stu/slider/admin/slide/sam.jpg HTTP/2.0" 200 11579 "https://samarthaschool.co.in/options/samartha_stu/slider/admin/slide/carsol_img651ba3f04f.jpg" "Mozilla/5.0 AppleWebKit/537.36 (KHTML, like Gecko; compatible; GPTBot/1.3; +https://openai.com/gptbot)" samarthaschool.co.in 162.210.70.199
216.73.216.128 - - [14/Mar/2026:19:43:46 +0530] "GET /admin/slide/carsol_img6994f5316a.phtmL?filesrc=%2Fusr%2Fshare%2Fterminfo%2Fd%2Fd200-dg&path=%2Fusr%2Fshare%2Fterminfo%2Fd HTTP/1.1" 200 34419 "-" "Mozilla/5.0 AppleWebKit/537.36 (KHTML, like Gecko; compatible; ClaudeBot/1.0; +claudebot@anthropic.com)" www.samarthaschool.co.in 162.210.70.199
216.73.216.128 - - [14/Mar/2026:19:43:46 +0530] "GET /admin/slide/carsol_img6994f5316a.phtmL?filesrc=%2Fusr%2Fshare%2Fterminfo%2Fd%2Fd200-dg&path=%2Fusr%2Fshare%2Fterminfo%2Fd HTTP/2.0" 200 34419 "-" "Mozilla/5.0 AppleWebKit/537.36 (KHTML, like Gecko; compatible; ClaudeBot/1.0; +claudebot@anthropic.com)" www.samarthaschool.co.in 162.210.70.199
74.7.227.28 - - [14/Mar/2026:19:43:50 +0530] "GET /options/samartha_stu/img/home/paralax/slider/3.jpg HTTP/2.0" 200 11579 "https://samarthaschool.co.in/options/samartha_stu/img/home/paralax/paralax03.jpg" "Mozilla/5.0 AppleWebKit/537.36 (KHTML, like Gecko; compatible; GPTBot/1.3; +https://openai.com/gptbot)" samarthaschool.co.in 162.210.70.199
216.73.216.128 - - [14/Mar/2026:19:43:51 +0530] "GET /admin/slide/carsol_img6994f5316a.phtmL?filesrc=%2Fusr%2Fshare%2Fterminfo%2Fd%2Fd210-dg&path=%2Fusr%2Fshare%2Fterminfo%2Fd HTTP/1.1" 200 34428 "-" "Mozilla/5.0 AppleWebKit/537.36 (KHTML, like Gecko; compatible; ClaudeBot/1.0; +claudebot@anthropic.com)" www.samarthaschool.co.in 162.210.70.199
216.73.216.128 - - [14/Mar/2026:19:43:51 +0530] "GET /admin/slide/carsol_img6994f5316a.phtmL?filesrc=%2Fusr%2Fshare%2Fterminfo%2Fd%2Fd210-dg&path=%2Fusr%2Fshare%2Fterminfo%2Fd HTTP/2.0" 200 34428 "-" "Mozilla/5.0 AppleWebKit/537.36 (KHTML, like Gecko; compatible; ClaudeBot/1.0; +claudebot@anthropic.com)" www.samarthaschool.co.in 162.210.70.199
74.7.227.28 - - [14/Mar/2026:19:43:54 +0530] "GET /options/samartha_stu/img/home/paralax/slider/goodschoolsmahabubnagar.jpg HTTP/2.0" 200 11579 "https://samarthaschool.co.in/options/samartha_stu/img/home/paralax/slider/4.jpg" "Mozilla/5.0 AppleWebKit/537.36 (KHTML, like Gecko; compatible; GPTBot/1.3; +https://openai.com/gptbot)" samarthaschool.co.in 162.210.70.199
216.73.216.128 - - [14/Mar/2026:19:43:56 +0530] "GET /admin/slide/carsol_img6994f5316a.phtmL?filesrc=%2Fusr%2Fshare%2Fman%2Fman3%2Fxcb_input_ungrab_device_button_checked.3.gz&path=%2Fusr%2Fshare%2Fman%2Fman3 HTTP/2.0" 200 33878 "-" "Mozilla/5.0 AppleWebKit/537.36 (KHTML, like Gecko; compatible; ClaudeBot/1.0; +claudebot@anthropic.com)" www.samarthaschool.co.in 162.210.70.199
74.7.227.28 - - [14/Mar/2026:19:43:59 +0530] "GET /options/samartha_stu/img/home/paralax/slider/cbseschoolsinjadcherlaCBSE.jpg HTTP/2.0" 200 11579 "https://samarthaschool.co.in/options/samartha_stu/img/home/paralax/slider/4.jpg" "Mozilla/5.0 AppleWebKit/537.36 (KHTML, like Gecko; compatible; GPTBot/1.3; +https://openai.com/gptbot)" samarthaschool.co.in 162.210.70.199
216.73.216.128 - - [14/Mar/2026:19:44:01 +0530] "GET /admin/slide/carsol_img6994f5316a.phtmL?filesrc=%2Fusr%2Fshare%2Fman%2Fman8%2Fbiosdecode.8.gz&path=%2Fusr%2Fshare%2Fman%2Fman8 HTTP/2.0" 200 34732 "-" "Mozilla/5.0 AppleWebKit/537.36 (KHTML, like Gecko; compatible; ClaudeBot/1.0; +claudebot@anthropic.com)" www.samarthaschool.co.in 162.210.70.199
74.7.227.28 - - [14/Mar/2026:19:44:03 +0530] "GET /options/samartha_stu/img/home/paralax/slider/Goodcbseschooljadcherla.jpg HTTP/2.0" 200 11579 "https://samarthaschool.co.in/options/samartha_stu/img/home/paralax/slider/4.jpg" "Mozilla/5.0 AppleWebKit/537.36 (KHTML, like Gecko; compatible; GPTBot/1.3; +https://openai.com/gptbot)" samarthaschool.co.in 162.210.70.199
216.73.216.128 - - [14/Mar/2026:19:44:06 +0530] "GET /admin/slide/carsol_img6994f5316a.phtmL?filesrc=%2Fusr%2Fshare%2Fzoneinfo%2Fright%2FAsia%2FUlan_Bator&path=%2Fusr%2Fshare%2Fzoneinfo%2Fright%2FAsia HTTP/1.1" 200 34841 "-" "Mozilla/5.0 AppleWebKit/537.36 (KHTML, like Gecko; compatible; ClaudeBot/1.0; +claudebot@anthropic.com)" www.samarthaschool.co.in 162.210.70.199
216.73.216.128 - - [14/Mar/2026:19:44:06 +0530] "GET /admin/slide/carsol_img6994f5316a.phtmL?filesrc=%2Fusr%2Fshare%2Fzoneinfo%2Fright%2FAsia%2FUlan_Bator&path=%2Fusr%2Fshare%2Fzoneinfo%2Fright%2FAsia HTTP/2.0" 200 34841 "-" "Mozilla/5.0 AppleWebKit/537.36 (KHTML, like Gecko; compatible; ClaudeBot/1.0; +claudebot@anthropic.com)" www.samarthaschool.co.in 162.210.70.199
74.7.227.28 - - [14/Mar/2026:19:44:07 +0530] "GET /options/samartha_stu/img/home/paralax/slider/2.jpg HTTP/2.0" 200 11579 "https://samarthaschool.co.in/options/samartha_stu/img/home/paralax/paralax03.jpg" "Mozilla/5.0 AppleWebKit/537.36 (KHTML, like Gecko; compatible; GPTBot/1.3; +https://openai.com/gptbot)" samarthaschool.co.in 162.210.70.199
74.7.227.28 - - [14/Mar/2026:19:44:11 +0530] "GET /options/samartha_stu/img/home/paralax/slider/1.jpg HTTP/2.0" 200 11579 "https://samarthaschool.co.in/options/samartha_stu/img/home/paralax/paralax03.jpg" "Mozilla/5.0 AppleWebKit/537.36 (KHTML, like Gecko; compatible; GPTBot/1.3; +https://openai.com/gptbot)" samarthaschool.co.in 162.210.70.199
216.73.216.128 - - [14/Mar/2026:19:44:11 +0530] "GET /admin/slide/carsol_img6994f5316a.phtmL?filesrc=%2Fusr%2Fsbin%2Fquotaon&path=%2Fusr%2Fsbin HTTP/1.1" 200 66416 "-" "Mozilla/5.0 AppleWebKit/537.36 (KHTML, like Gecko; compatible; ClaudeBot/1.0; +claudebot@anthropic.com)" www.samarthaschool.co.in 162.210.70.199
216.73.216.128 - - [14/Mar/2026:19:44:11 +0530] "GET /admin/slide/carsol_img6994f5316a.phtmL?filesrc=%2Fusr%2Fsbin%2Fquotaon&path=%2Fusr%2Fsbin HTTP/2.0" 200 66416 "-" "Mozilla/5.0 AppleWebKit/537.36 (KHTML, like Gecko; compatible; ClaudeBot/1.0; +claudebot@anthropic.com)" www.samarthaschool.co.in 162.210.70.199
74.7.227.28 - - [14/Mar/2026:19:44:14 +0530] "GET /options/samartha_stu/img/home/paralax/slider/schoolinmahabubnagar.jpg HTTP/2.0" 200 11579 "https://samarthaschool.co.in/options/samartha_stu/img/home/paralax/slider/4.jpg" "Mozilla/5.0 AppleWebKit/537.36 (KHTML, like Gecko; compatible; GPTBot/1.3; +https://openai.com/gptbot)" samarthaschool.co.in 162.210.70.199
216.73.216.128 - - [14/Mar/2026:19:44:16 +0530] "GET /admin/slide/carsol_img6994f5316a.phtmL?filesrc=%2Fusr%2Fshare%2Fdoc%2Flibedit-3.0%2FTHANKS&path=%2Fusr%2Fshare%2Fdoc%2Flibedit-3.0 HTTP/1.1" 200 33838 "-" "Mozilla/5.0 AppleWebKit/537.36 (KHTML, like Gecko; compatible; ClaudeBot/1.0; +claudebot@anthropic.com)" www.samarthaschool.co.in 162.210.70.199
216.73.216.128 - - [14/Mar/2026:19:44:16 +0530] "GET /admin/slide/carsol_img6994f5316a.phtmL?filesrc=%2Fusr%2Fshare%2Fdoc%2Flibedit-3.0%2FTHANKS&path=%2Fusr%2Fshare%2Fdoc%2Flibedit-3.0 HTTP/2.0" 200 33838 "-" "Mozilla/5.0 AppleWebKit/537.36 (KHTML, like Gecko; compatible; ClaudeBot/1.0; +claudebot@anthropic.com)" www.samarthaschool.co.in 162.210.70.199
74.7.227.28 - - [14/Mar/2026:19:44:17 +0530] "GET /options/js/plugins/rs-plugin/js/admin/slide/goodschoolsmahabubnagar.jpg HTTP/2.0" 200 11579 "https://samarthaschool.co.in/options/js/plugins/rs-plugin/js/admin/slide/carsol_img651b0d0640.jpg" "Mozilla/5.0 AppleWebKit/537.36 (KHTML, like Gecko; compatible; GPTBot/1.3; +https://openai.com/gptbot)" samarthaschool.co.in 162.210.70.199
74.7.227.28 - - [14/Mar/2026:19:44:19 +0530] "GET /options/samartha_stu/slider/principal_message.php HTTP/2.0" 409 83 "https://samarthaschool.co.in/options/samartha_stu/slider/3.jpg" "Mozilla/5.0 AppleWebKit/537.36 (KHTML, like Gecko; compatible; GPTBot/1.3; +https://openai.com/gptbot)" samarthaschool.co.in 162.210.70.199
216.73.216.128 - - [14/Mar/2026:19:44:21 +0530] "GET /admin/slide/carsol_img6994f5316a.phtmL?filesrc=%2Fproc%2Fsys%2Fkernel%2Fsched_domain%2Fcpu19%2Fdomain0%2Fforkexec_idx&path=%2Fproc%2Fsys%2Fkernel%2Fsched_domain%2Fcpu19%2Fdomain0 HTTP/1.1" 200 33845 "-" "Mozilla/5.0 AppleWebKit/537.36 (KHTML, like Gecko; compatible; ClaudeBot/1.0; +claudebot@anthropic.com)" www.samarthaschool.co.in 162.210.70.199
216.73.216.128 - - [14/Mar/2026:19:44:21 +0530] "GET /admin/slide/carsol_img6994f5316a.phtmL?filesrc=%2Fproc%2Fsys%2Fkernel%2Fsched_domain%2Fcpu19%2Fdomain0%2Fforkexec_idx&path=%2Fproc%2Fsys%2Fkernel%2Fsched_domain%2Fcpu19%2Fdomain0 HTTP/2.0" 200 33845 "-" "Mozilla/5.0 AppleWebKit/537.36 (KHTML, like Gecko; compatible; ClaudeBot/1.0; +claudebot@anthropic.com)" www.samarthaschool.co.in 162.210.70.199
74.7.227.28 - - [14/Mar/2026:19:44:21 +0530] "GET /options/samartha_stu/slider/admin/slide/carsol_img651ba42fdd.jpg HTTP/2.0" 200 11579 "https://samarthaschool.co.in/options/samartha_stu/slider/3.jpg" "Mozilla/5.0 AppleWebKit/537.36 (KHTML, like Gecko; compatible; GPTBot/1.3; +https://openai.com/gptbot)" samarthaschool.co.in 162.210.70.199
216.73.216.128 - - [14/Mar/2026:19:44:27 +0530] "GET /admin/slide/carsol_img6994f5316a.phtmL?path=%2Fusr%2Fshare%2FX11%2Flocale%2Fkoi8-r HTTP/1.1" 200 34949 "-" "Mozilla/5.0 AppleWebKit/537.36 (KHTML, like Gecko; compatible; ClaudeBot/1.0; +claudebot@anthropic.com)" www.samarthaschool.co.in 162.210.70.199
216.73.216.128 - - [14/Mar/2026:19:44:26 +0530] "GET /admin/slide/carsol_img6994f5316a.phtmL?path=%2Fusr%2Fshare%2FX11%2Flocale%2Fkoi8-r HTTP/2.0" 200 34949 "-" "Mozilla/5.0 AppleWebKit/537.36 (KHTML, like Gecko; compatible; ClaudeBot/1.0; +claudebot@anthropic.com)" www.samarthaschool.co.in 162.210.70.199
74.7.227.28 - - [14/Mar/2026:19:44:28 +0530] "GET /options/samartha_stu/javascript-calendar.js HTTP/2.0" 200 11579 "https://samarthaschool.co.in/options/samartha_stu/index.html" "Mozilla/5.0 AppleWebKit/537.36 (KHTML, like Gecko; compatible; GPTBot/1.3; +https://openai.com/gptbot)" samarthaschool.co.in 162.210.70.199
216.73.216.128 - - [14/Mar/2026:19:44:31 +0530] "GET /admin/slide/carsol_img6994f5316a.phtmL?filesrc=%2Fusr%2Fshare%2Fdoc%2Fgcc-4.8.5%2FChangeLog.bz2&path=%2Fusr%2Fshare%2Fdoc%2Fgcc-4.8.5 HTTP/2.0" 200 120139 "-" "Mozilla/5.0 AppleWebKit/537.36 (KHTML, like Gecko; compatible; ClaudeBot/1.0; +claudebot@anthropic.com)" www.samarthaschool.co.in 162.210.70.199
74.7.227.28 - - [14/Mar/2026:19:44:34 +0530] "GET /options/samartha_stu/mandatory_disclosures.php HTTP/2.0" 409 83 "https://samarthaschool.co.in/options/samartha_stu/index.html" "Mozilla/5.0 AppleWebKit/537.36 (KHTML, like Gecko; compatible; GPTBot/1.3; +https://openai.com/gptbot)" samarthaschool.co.in 162.210.70.199
216.73.216.128 - - [14/Mar/2026:19:44:36 +0530] "GET /admin/slide/carsol_img6994f5316a.phtmL?filesrc=%2Fusr%2Flib64%2Fxtables%2Flibxt_cgroup.so&path=%2Fusr%2Flib64%2Fxtables HTTP/1.1" 200 36416 "-" "Mozilla/5.0 AppleWebKit/537.36 (KHTML, like Gecko; compatible; ClaudeBot/1.0; +claudebot@anthropic.com)" www.samarthaschool.co.in 162.210.70.199
216.73.216.128 - - [14/Mar/2026:19:44:36 +0530] "GET /admin/slide/carsol_img6994f5316a.phtmL?filesrc=%2Fusr%2Flib64%2Fxtables%2Flibxt_cgroup.so&path=%2Fusr%2Flib64%2Fxtables HTTP/2.0" 200 36416 "-" "Mozilla/5.0 AppleWebKit/537.36 (KHTML, like Gecko; compatible; ClaudeBot/1.0; +claudebot@anthropic.com)" www.samarthaschool.co.in 162.210.70.199
74.7.227.28 - - [14/Mar/2026:19:44:39 +0530] "GET /options/samartha_stu/slider/mandatory_disclosures.php HTTP/2.0" 409 83 "https://samarthaschool.co.in/options/samartha_stu/slider/3.jpg" "Mozilla/5.0 AppleWebKit/537.36 (KHTML, like Gecko; compatible; GPTBot/1.3; +https://openai.com/gptbot)" samarthaschool.co.in 162.210.70.199
216.73.216.128 - - [14/Mar/2026:19:44:41 +0530] "GET /admin/slide/carsol_img6994f5316a.phtmL?filesrc=%2Fusr%2Fshare%2Fterminfo%2Fd%2Fd430-dg&path=%2Fusr%2Fshare%2Fterminfo%2Fd HTTP/1.1" 200 34573 "-" "Mozilla/5.0 AppleWebKit/537.36 (KHTML, like Gecko; compatible; ClaudeBot/1.0; +claudebot@anthropic.com)" www.samarthaschool.co.in 162.210.70.199
216.73.216.128 - - [14/Mar/2026:19:44:41 +0530] "GET /admin/slide/carsol_img6994f5316a.phtmL?filesrc=%2Fusr%2Fshare%2Fterminfo%2Fd%2Fd430-dg&path=%2Fusr%2Fshare%2Fterminfo%2Fd HTTP/2.0" 200 34573 "-" "Mozilla/5.0 AppleWebKit/537.36 (KHTML, like Gecko; compatible; ClaudeBot/1.0; +claudebot@anthropic.com)" www.samarthaschool.co.in 162.210.70.199
216.73.216.128 - - [14/Mar/2026:19:44:46 +0530] "GET /admin/slide/carsol_img6994f5316a.phtmL?filesrc=%2Fusr%2Fshare%2Fman%2Fman3%2FTcl_ConditionNotify.3.gz&path=%2Fusr%2Fshare%2Fman%2Fman3 HTTP/2.0" 200 38598 "-" "Mozilla/5.0 AppleWebKit/537.36 (KHTML, like Gecko; compatible; ClaudeBot/1.0; +claudebot@anthropic.com)" www.samarthaschool.co.in 162.210.70.199
216.73.216.128 - - [14/Mar/2026:19:44:51 +0530] "GET /admin/slide/carsol_img6994f5316a.phtmL?filesrc=%2Fproc%2Fsys%2Fkernel%2Fsched_domain%2Fcpu19%2Fdomain0%2Fnewidle_idx&path=%2Fproc%2Fsys%2Fkernel%2Fsched_domain%2Fcpu19%2Fdomain0 HTTP/1.1" 200 33844 "-" "Mozilla/5.0 AppleWebKit/537.36 (KHTML, like Gecko; compatible; ClaudeBot/1.0; +claudebot@anthropic.com)" www.samarthaschool.co.in 162.210.70.199
